000
CDUS41 KRNK 262121
CLIDAN


CLIMATE REPORT
NATIONAL WEATHER SERVICE BLACKSBURG VA
520 PM EDT THU APR 26 2018


...................................

...THE DANVILLE VA CLIMATE SUMMARY FOR APRIL 26 2018...
VALID TODAY AS OF 0500 PM LOCAL TIME.

CLIMATE NORMAL PERIOD 1981 TO 2010
CLIMATE RECORD PERIOD 1948 TO 2018


WEATHER ITEM   OBSERVED TIME   RECORD YEAR NORMAL DEPARTURE LAST
                VALUE   (LST)  VALUE       VALUE  FROM      YEAR
                                                  NORMAL
..................................................................
TEMPERATURE (F)
 TODAY
  MAXIMUM         73    227 PM  95    1960  73      0       79
  MINIMUM         49    606 AM  36    2013  49      0       53
                                      1981
  AVERAGE         61                        61      0       66

PRECIPITATION (IN)
  TODAY            0.00          3.60 1978   0.11  -0.11     0.00
  MONTH TO DATE    4.58                      3.04   1.54     6.95
  SINCE MAR 1      8.13                      7.15   0.98     9.60
  SINCE JAN 1     13.35                     13.58  -0.23    14.37

SNOWFALL (IN)
  TODAY            0.0                                       0.0
  MONTH TO DATE    T                                         0.0
  SINCE MAR 1      7.4                                        T
  SINCE JUL 1     21.1                                       8.8
  SNOW DEPTH       0

DEGREE DAYS
 HEATING
  TODAY            4                         5     -1        0
  MONTH TO DATE  270                       212     58      136
  SINCE MAR 1    888                       722    166      614
  SINCE JUL 1   3553                      3723   -170     3070

 COOLING
  TODAY            0                         1     -1        1
  MONTH TO DATE   14                        25    -11       42
  SINCE MAR 1     15                        28    -13       45
  SINCE JAN 1     15                        28    -13       50
..................................................................


WIND (MPH)
  HIGHEST WIND SPEED    12   HIGHEST WIND DIRECTION     N (340)
  HIGHEST GUST SPEED    16   HIGHEST GUST DIRECTION     N (350)
  AVERAGE WIND SPEED     4.5


SKY COVER
  AVERAGE SKY COVER 0.1


WEATHER CONDITIONS
 THE FOLLOWING WEATHER WAS RECORDED TODAY.
  NO SIGNIFICANT WEATHER WAS OBSERVED.


RELATIVE HUMIDITY (PERCENT)
 HIGHEST   100           400 AM
 LOWEST     42           100 PM
 AVERAGE    71

..........................................................


THE DANVILLE VA CLIMATE NORMALS FOR TOMORROW
                         NORMAL    RECORD    YEAR
 MAXIMUM TEMPERATURE (F)   73        95      1990
 MINIMUM TEMPERATURE (F)   50        33      1976


SUNRISE AND SUNSET
APRIL 26 2018.........SUNRISE   630 AM EDT   SUNSET   801 PM EDT
APRIL 27 2018.........SUNRISE   628 AM EDT   SUNSET   802 PM EDT


-  INDICATES NEGATIVE NUMBERS.
R  INDICATES RECORD WAS SET OR TIED.
MM INDICATES DATA IS MISSING.
T  INDICATES TRACE AMOUNT.




$$
