000
CDUS41 KILN 260543
CLIDAY


CLIMATE REPORT
NATIONAL WEATHER SERVICE WILMINGTON OH
143 AM EDT THU APR 26 2018


...................................

...THE DAYTON OH CLIMATE SUMMARY FOR APRIL 25 2018...

CLIMATE NORMAL PERIOD 1981 TO 2010
CLIMATE RECORD PERIOD 1869 TO 2018


WEATHER ITEM   OBSERVED TIME   RECORD YEAR NORMAL DEPARTURE LAST
                VALUE   (LST)  VALUE       VALUE  FROM      YEAR
                                                  NORMAL
..................................................................
TEMPERATURE (F)
 YESTERDAY
  MAXIMUM         63    524 PM  89    1915  65     -2       75
  MINIMUM         45   1159 PM  26    1919  45      0       47
  AVERAGE         54                        55     -1       61

PRECIPITATION (IN)
  YESTERDAY        0.01          1.96 1993   0.14  -0.13     0.00
  MONTH TO DATE    4.78                      3.39   1.39     2.22
  SINCE MAR 1      8.34                      6.73   1.61     7.17
  SINCE JAN 1     16.65                     11.68   4.97    12.11

SNOWFALL (IN)
  YESTERDAY        0.0           0.0    MM   0.0    0.0      0.0
  MONTH TO DATE    3.4                       0.6    2.8       T
  SINCE MAR 1      9.2                       4.0    5.2      1.3
  SINCE JUL 1     26.7                      23.3    3.4      8.5
  SNOW DEPTH       0

DEGREE DAYS
 HEATING
  YESTERDAY       11                        11      0        4
  MONTH TO DATE  499                       364    135      216
  SINCE MAR 1   1369                      1128    241      947
  SINCE JUL 1   5477                      5403     74     4377

 COOLING
  YESTERDAY        0                         1     -1        0
  MONTH TO DATE    7                         5      2       26
  SINCE MAR 1      7                         5      2       28
  SINCE JAN 1     10                         5      5       28
..................................................................


WIND (MPH)
  RESULTANT WIND SPEED  11   RESULTANT WIND DIRECTION   N (340)
  HIGHEST WIND SPEED    20   HIGHEST WIND DIRECTION    NW (330)
  HIGHEST GUST SPEED    23   HIGHEST GUST DIRECTION    NW (330)
  AVERAGE WIND SPEED    11.0



WEATHER CONDITIONS
 THE FOLLOWING WEATHER WAS RECORDED YESTERDAY.
  LIGHT RAIN
  FOG


RELATIVE HUMIDITY (PERCENT)
 HIGHEST   100           200 AM
 LOWEST     44           700 PM
 AVERAGE    72

..........................................................


THE DAYTON OH CLIMATE NORMALS FOR TODAY
                         NORMAL    RECORD    YEAR
 MAXIMUM TEMPERATURE (F)   66        88      1986
 MINIMUM TEMPERATURE (F)   45        30      1919


SUNRISE AND SUNSET
APRIL 26 2018.........SUNRISE   643 AM EDT   SUNSET   826 PM EDT
APRIL 27 2018.........SUNRISE   642 AM EDT   SUNSET   827 PM EDT


-  INDICATES NEGATIVE NUMBERS.
R  INDICATES RECORD WAS SET OR TIED.
MM INDICATES DATA IS MISSING.
T  INDICATES TRACE AMOUNT.




$$
