000
CDUS43 KILX 250632
CLIDEC


CLIMATE REPORT
NATIONAL WEATHER SERVICE LINCOLN IL
130 AM CDT WED APR 25 2018


...................................

...THE DECATUR IL AIRPORT CLIMATE SUMMARY FOR APRIL 24 2018...

CLIMATE NORMAL PERIOD 1981 TO 2010
CLIMATE RECORD PERIOD 9999 TO 9999


WEATHER ITEM   OBSERVED TIME   RECORD YEAR NORMAL DEPARTURE LAST
                VALUE   (LST)  VALUE       VALUE  FROM      YEAR
                                                  NORMAL
..................................................................
TEMPERATURE (F)
 YESTERDAY
  MAXIMUM         67    400 PM  MM      MM  67      0       78
  MINIMUM         47   1146 PM  MM      MM  45      2       40
  AVERAGE         57                        56      1       59

PRECIPITATION (IN)
  YESTERDAY        0.04         MM      MM   0.13  -0.09     0.00
  MONTH TO DATE    1.87                      2.71  -0.84     2.00
  SINCE MAR 1      5.24                      5.35  -0.11     4.70
  SINCE JAN 1     10.37                      9.07   1.30     6.80

DEGREE DAYS
 HEATING
  YESTERDAY        8                        10     -2        6
  MONTH TO DATE  503                       329    174      203
  SINCE MAR 1   1310                      1056    254      858
  SINCE JUL 1   5462                      5313    149     4217

 COOLING
  YESTERDAY        0                         1     -1        0
  MONTH TO DATE    3                         2      1       20
  SINCE MAR 1      3                         3      0       20
  SINCE JAN 1      3                         3      0       20
..................................................................


WIND (MPH)
  HIGHEST WIND SPEED    17   HIGHEST WIND DIRECTION     N (20)
  HIGHEST GUST SPEED    21   HIGHEST GUST DIRECTION     N (10)
  AVERAGE WIND SPEED     8.1


SKY COVER
  POSSIBLE SUNSHINE  MM
  AVERAGE SKY COVER 0.5


WEATHER CONDITIONS
 THE FOLLOWING WEATHER WAS RECORDED YESTERDAY.
  LIGHT RAIN
  FOG


RELATIVE HUMIDITY (PERCENT)
 HIGHEST   100           500 AM
 LOWEST     58           500 PM
 AVERAGE    79

..........................................................


THE DECATUR IL AIRPORT CLIMATE NORMALS FOR TODAY
                         NORMAL    RECORD    YEAR
 MAXIMUM TEMPERATURE (F)   68        MM        MM
 MINIMUM TEMPERATURE (F)   45        MM        MM


SUNRISE AND SUNSET
APRIL 25 2018.........SUNRISE   604 AM CDT   SUNSET   744 PM CDT
APRIL 26 2018.........SUNRISE   602 AM CDT   SUNSET   745 PM CDT


-  INDICATES NEGATIVE NUMBERS.
R  INDICATES RECORD WAS SET OR TIED.
MM INDICATES DATA IS MISSING.
T  INDICATES TRACE AMOUNT.




$$
