000
CDUS43 KBIS 240731
CLIDIK


CLIMATE REPORT
NATIONAL WEATHER SERVICE BISMARCK ND
231 AM CDT TUE APR 24 2018


...................................

...THE DICKINSON ND CLIMATE SUMMARY FOR APRIL 23 2018...

CLIMATE NORMAL PERIOD 1981 TO 2010
CLIMATE RECORD PERIOD 1893 TO 2018


WEATHER ITEM   OBSERVED TIME   RECORD YEAR NORMAL DEPARTURE LAST
                VALUE   (LST)  VALUE       VALUE  FROM      YEAR
                                                  NORMAL
..................................................................
TEMPERATURE (F)
 YESTERDAY
  MAXIMUM         55   1014 AM  87    2012  59     -4       38
  MINIMUM         33    130 AM  13    1931  32      1       29
  AVERAGE         44                        45     -1       34

PRECIPITATION (IN)
  YESTERDAY        0.27          1.02 1961   0.05   0.22     0.00
  MONTH TO DATE    0.73                      1.02  -0.29     0.49
  SINCE MAR 1      1.44                      1.71  -0.27     0.83
  SINCE JAN 1      1.62                      2.34  -0.72     1.14

DEGREE DAYS
 HEATING
  YESTERDAY       21                        20      1       31
  MONTH TO DATE  786                       553    233      509
  SINCE MAR 1   1947                      1639    308     1522
  SINCE JUL 1   8465                      7933    532     7652

 COOLING
  YESTERDAY        0                         0      0        0
  MONTH TO DATE    0                         0      0        0
  SINCE MAR 1      0                         0      0        0
  SINCE JAN 1      0                         0      0        0
..................................................................


WIND (MPH)
  HIGHEST WIND SPEED    28   HIGHEST WIND DIRECTION    NE (30)
  HIGHEST GUST SPEED    36   HIGHEST GUST DIRECTION     N (360)
  AVERAGE WIND SPEED    16.7


SKY COVER
  POSSIBLE SUNSHINE  MM
  AVERAGE SKY COVER 0.8


WEATHER CONDITIONS
 THE FOLLOWING WEATHER WAS RECORDED YESTERDAY.
  RAIN
  LIGHT RAIN
  LIGHT SNOW
  FOG


RELATIVE HUMIDITY (PERCENT)
 HIGHEST    92           800 PM
 LOWEST     41          1000 AM
 AVERAGE    67

..........................................................


THE DICKINSON ND CLIMATE NORMALS FOR TODAY
                         NORMAL    RECORD    YEAR
 MAXIMUM TEMPERATURE (F)   59        90      2012
 MINIMUM TEMPERATURE (F)   32        18      1931
                                             1928


SUNRISE AND SUNSET
APRIL 24 2018.........SUNRISE   548 AM MDT   SUNSET   752 PM MDT
APRIL 25 2018.........SUNRISE   546 AM MDT   SUNSET   753 PM MDT


-  INDICATES NEGATIVE NUMBERS.
R  INDICATES RECORD WAS SET OR TIED.
MM INDICATES DATA IS MISSING.
T  INDICATES TRACE AMOUNT.




$$
