000
CDUS43 KDLH 220645
CLIDLH


CLIMATE REPORT
NATIONAL WEATHER SERVICE DULUTH MN
145 AM CDT SUN APR 22 2018


...................................

...THE DULUTH MN CLIMATE SUMMARY FOR APRIL 21 2018...

CLIMATE NORMAL PERIOD 1981 TO 2010
CLIMATE RECORD PERIOD 1870 TO 2018


WEATHER ITEM   OBSERVED TIME   RECORD YEAR NORMAL DEPARTURE LAST
                VALUE   (LST)  VALUE       VALUE  FROM      YEAR
                                                  NORMAL
..................................................................
TEMPERATURE (F)
 YESTERDAY
  MAXIMUM         57    538 PM  76    1990  52      5       60
  MINIMUM         28    522 AM  18    1991  32     -4       34
  AVERAGE         43                        42      1       47

PRECIPITATION (IN)
  YESTERDAY        0.00          1.54 1964   0.09  -0.09     0.00
  MONTH TO DATE    1.03                      1.58  -0.55     2.02
  SINCE MAR 1      1.47                      3.07  -1.60     3.07
  SINCE JAN 1      3.83                      4.84  -1.01     6.03

SNOWFALL (IN)
  YESTERDAY        0.0           6.4  1912   0.2   -0.2      0.0
  MONTH TO DATE   18.3                       5.7   12.6      0.6
  SINCE MAR 1     23.4                      18.9    4.5      5.9
  SINCE JUL 1     91.7                      84.5    7.2     64.9
  SNOW DEPTH       2

DEGREE DAYS
 HEATING
  YESTERDAY       22                        23     -1       18
  MONTH TO DATE  782                       578    204      443
  SINCE MAR 1   1979                      1788    191     1636
  SINCE JUL 1   9000                      8655    345     7326

 COOLING
  YESTERDAY        0                         0      0        0
  MONTH TO DATE    0                         0      0        0
  SINCE MAR 1      0                         0      0        0
  SINCE JAN 1      0                         0      0        0
..................................................................


WIND (MPH)
  HIGHEST WIND SPEED    12   HIGHEST WIND DIRECTION    SW (230)
  HIGHEST GUST SPEED    14   HIGHEST GUST DIRECTION    SW (220)
  AVERAGE WIND SPEED     3.7


SKY COVER
  AVERAGE SKY COVER 0.0


WEATHER CONDITIONS
 THE FOLLOWING WEATHER WAS RECORDED YESTERDAY.
  NO SIGNIFICANT WEATHER WAS OBSERVED.


RELATIVE HUMIDITY (PERCENT)
 HIGHEST    69           600 AM
 LOWEST     22           200 PM
 AVERAGE    46

..........................................................


THE DULUTH MN CLIMATE NORMALS FOR TODAY
                         NORMAL    RECORD    YEAR
 MAXIMUM TEMPERATURE (F)   53        80      1990
                                             1980
 MINIMUM TEMPERATURE (F)   33        17      1909


SUNRISE AND SUNSET
APRIL 22 2018.........SUNRISE   609 AM CDT   SUNSET   807 PM CDT
APRIL 23 2018.........SUNRISE   607 AM CDT   SUNSET   808 PM CDT


-  INDICATES NEGATIVE NUMBERS.
R  INDICATES RECORD WAS SET OR TIED.
MM INDICATES DATA IS MISSING.
T  INDICATES TRACE AMOUNT.




$$
