000
CDUS42 KCAE 240555
CLIDNL


CLIMATE REPORT
NATIONAL WEATHER SERVICE COLUMBIA SC
155 AM EDT THU MAY 24 2018


...................................

...THE AUGUSTA DANIEL FIELD GA CLIMATE SUMMARY FOR MAY 23 2018...

CLIMATE NORMAL PERIOD 1981 TO 2010
CLIMATE RECORD PERIOD 9999 TO 9999


WEATHER ITEM   OBSERVED TIME   NORMAL DEPARTURE LAST
                VALUE   (LST)  VALUE  FROM      YEAR
                                      NORMAL
......................................................
TEMPERATURE (F)
 YESTERDAY
  MAXIMUM         85   1258 PM  85      0       72
  MINIMUM         70    451 AM  65      5       69
  AVERAGE         78            75      3       71

PRECIPITATION (IN)
  YESTERDAY        0.68          0.12   0.56     0.51
  MONTH TO DATE    4.62          2.07   2.55     2.41
  SINCE MAR 1     10.52          9.33   1.19     6.66
  SINCE JAN 1     14.97         17.57  -2.60    19.02

DEGREE DAYS
 HEATING
  YESTERDAY        0             0      0        0
  MONTH TO DATE    0             8     -8        6
  SINCE MAR 1    348           354     -6      238
  SINCE JUL 1   1771          2167   -396     1245

 COOLING
  YESTERDAY       13            10      3        6
  MONTH TO DATE  261           167     94      238
  SINCE MAR 1    334           264     70      519
  SINCE JAN 1    403           268    135      553
......................................................


WIND (MPH)
  HIGHEST WIND SPEED    16   HIGHEST WIND DIRECTION     S (200)
  HIGHEST GUST SPEED    21   HIGHEST GUST DIRECTION    SW (210)
  AVERAGE WIND SPEED     3.7


SKY COVER
  AVERAGE SKY COVER 0.6


WEATHER CONDITIONS
 THE FOLLOWING WEATHER WAS RECORDED YESTERDAY.
  THUNDERSTORM
  HEAVY RAIN
  RAIN
  LIGHT RAIN
  FOG
  FOG W/VISIBILITY <= 1/4 MILE


RELATIVE HUMIDITY (PERCENT)
 HIGHEST   100           300 AM
 LOWEST     61           100 PM

..........................................................


THE AUGUSTA DANIEL FIELD GA CLIMATE NORMALS FOR TODAY
                         NORMAL    RECORD    YEAR
 MAXIMUM TEMPERATURE (F)   85        MM        MM
 MINIMUM TEMPERATURE (F)   65        MM        MM


SUNRISE AND SUNSET
MAY 24 2018...........SUNRISE   622 AM EDT   SUNSET   828 PM EDT
MAY 25 2018...........SUNRISE   622 AM EDT   SUNSET   829 PM EDT


-  INDICATES NEGATIVE NUMBERS.
R  INDICATES RECORD WAS SET OR TIED.
MM INDICATES DATA IS MISSING.
T  INDICATES TRACE AMOUNT.




$$
