000
CDUS45 KGJT 200720
CLIDRO


CLIMATE REPORT
NATIONAL WEATHER SERVICE GRAND JUNCTION CO
119 AM MDT FRI APR 20 2018


...................................

...THE DURANGO AIRPORT CO CLIMATE SUMMARY FOR APRIL 19 2018...

CLIMATE NORMAL PERIOD 1981 TO 2010
CLIMATE RECORD PERIOD 9999 TO 9999


WEATHER ITEM   OBSERVED TIME   RECORD YEAR NORMAL DEPARTURE LAST
                VALUE   (LST)  VALUE       VALUE  FROM      YEAR
                                                  NORMAL
..................................................................
TEMPERATURE (F)
 YESTERDAY
  MAXIMUM         68   1258 PM  MM      MM  62      6       69
  MINIMUM         21    532 AM  MM      MM  29     -8       33
  AVERAGE         45                        46     -1       51

PRECIPITATION (IN)
  YESTERDAY        T            MM      MM   0.04  -0.04     0.00
  MONTH TO DATE    0.20                      0.78  -0.58     0.18
  SINCE MAR 1      0.30                      2.03  -1.73     0.80
  SINCE JAN 1      1.18                      4.31  -3.13     4.23

SNOWFALL (IN)
  YESTERDAY       MM            MM      MM  MM     MM       MM
  MONTH TO DATE   MM                        MM     MM       MM
  SINCE MAR 1     MM                        MM     MM       MM
  SINCE JUL 1     MM                        MM     MM       MM
  SNOW DEPTH      MM

DEGREE DAYS
 HEATING
  YESTERDAY       20                        20      0       14
  MONTH TO DATE  354                       409    -55      387
  SINCE MAR 1   1190                      1263    -73     1096
  SINCE JUL 1   5764                      6438   -674     5716

 COOLING
  YESTERDAY        0                         0      0        0
  MONTH TO DATE    0                         0      0        0
  SINCE MAR 1      0                         0      0        0
  SINCE JAN 1      0                         0      0        0
..................................................................


WIND (MPH)
  HIGHEST WIND SPEED    36   HIGHEST WIND DIRECTION     S (170)
  HIGHEST GUST SPEED    51   HIGHEST GUST DIRECTION     S (170)
  AVERAGE WIND SPEED    14.6


SKY COVER
  POSSIBLE SUNSHINE  MM
  AVERAGE SKY COVER 0.1


WEATHER CONDITIONS
 THE FOLLOWING WEATHER WAS RECORDED YESTERDAY.
  LIGHT RAIN.


RELATIVE HUMIDITY (PERCENT)
 HIGHEST    36           600 AM
 LOWEST      9           100 PM
 AVERAGE    23

..........................................................


THE DURANGO AIRPORT CO CLIMATE NORMALS FOR TODAY
                         NORMAL    RECORD    YEAR
 MAXIMUM TEMPERATURE (F)   62        MM        MM
 MINIMUM TEMPERATURE (F)   29        MM        MM


SUNRISE AND SUNSET
APRIL 20 2018.........SUNRISE   630 AM MDT   SUNSET   751 PM MDT
APRIL 21 2018.........SUNRISE   628 AM MDT   SUNSET   751 PM MDT


-  INDICATES NEGATIVE NUMBERS.
R  INDICATES RECORD WAS SET OR TIED.
MM INDICATES DATA IS MISSING.
T  INDICATES TRACE AMOUNT.




$$
