000
CDUS45 KLKN 250928
CLIEKO


CLIMATE REPORT
NATIONAL WEATHER SERVICE ELKO NV
227 AM PDT WED APR 25 2018


...................................

...THE ELKO AIRPORT NV CLIMATE SUMMARY FOR APRIL 24 2018...

CLIMATE NORMAL PERIOD 1981 TO 2010
CLIMATE RECORD PERIOD 1888 TO 2018


WEATHER ITEM   OBSERVED TIME   RECORD YEAR NORMAL DEPARTURE LAST
                VALUE   (LST)  VALUE       VALUE  FROM      YEAR
                                                  NORMAL
..................................................................
TEMPERATURE (F)
 YESTERDAY
  MAXIMUM         68    414 PM  84    1977  62      6       51
  MINIMUM         27    452 AM  15    1950  33     -6       38
  AVERAGE         48                        47      1       45

PRECIPITATION (IN)
  YESTERDAY        0.00          1.05 1902   0.03  -0.03     0.17
  MONTH TO DATE    0.93                      0.77   0.16     1.16
  SINCE OCT 1      5.60                      6.79  -1.19    12.13
  SINCE JAN 1      3.90                      3.73   0.17     6.50

SNOWFALL (IN)
  YESTERDAY        0.0           4.3  1971   0.0    0.0      0.0
  MONTH TO DATE    0.5                       2.8   -2.3       T
  SINCE MAR 1     14.3                       7.9    6.4      1.9
  SINCE JUL 1     28.2                      40.4  -12.2     53.3
  SNOW DEPTH       0

DEGREE DAYS
 HEATING
  YESTERDAY       17                        18     -1       20
  MONTH TO DATE  453                       493    -40      460
  SINCE MAR 1   1321                      1302     19     1095
  SINCE JUL 1   5963                      6470   -507     5831

 COOLING
  YESTERDAY        0                         0      0        0
  MONTH TO DATE    0                         0      0        0
  SINCE MAR 1      0                         0      0        0
  SINCE JAN 1      0                         0      0        0
..................................................................


WIND (MPH)
  HIGHEST WIND SPEED    17   HIGHEST WIND DIRECTION    NE (40)
  HIGHEST GUST SPEED    23   HIGHEST GUST DIRECTION    NE (50)
  AVERAGE WIND SPEED     7.2



WEATHER CONDITIONS
 THE FOLLOWING WEATHER WAS RECORDED YESTERDAY.
  NO SIGNIFICANT WEATHER WAS OBSERVED.


RELATIVE HUMIDITY (PERCENT)
 HIGHEST    75           400 AM
 LOWEST     14           400 PM
 AVERAGE    45

..........................................................


THE ELKO AIRPORT NV CLIMATE NORMALS FOR TODAY
                         NORMAL    RECORD    YEAR
 MAXIMUM TEMPERATURE (F)   62        84      1910
 MINIMUM TEMPERATURE (F)   33        14      1899


SUNRISE AND SUNSET
APRIL 25 2018.........SUNRISE   549 AM PDT   SUNSET   733 PM PDT
APRIL 26 2018.........SUNRISE   548 AM PDT   SUNSET   734 PM PDT


-  INDICATES NEGATIVE NUMBERS.
R  INDICATES RECORD WAS SET OR TIED.
MM INDICATES DATA IS MISSING.
T  INDICATES TRACE AMOUNT.




$$
