000
CDUS44 KSHV 200734
CLIELD


CLIMATE REPORT
NATIONAL WEATHER SERVICE SHREVEPORT, LA
233 AM CDT SUN MAY 20 2018


...................................

...THE EL DORADO CLIMATE SUMMARY FOR MAY 19 2018...

CLIMATE NORMAL PERIOD 1981 TO 2010
CLIMATE RECORD PERIOD 1907 TO 2018


WEATHER ITEM   OBSERVED TIME   RECORD YEAR NORMAL DEPARTURE LAST
                VALUE   (LST)  VALUE       VALUE  FROM      YEAR
                                                  NORMAL
..................................................................
TEMPERATURE (F)
 YESTERDAY
  MAXIMUM         91    412 PM  93    1943  83      8       88
  MINIMUM         67    445 AM  43    2002  61      6       70
  AVERAGE         79                        72      7       79

PRECIPITATION (IN)
  YESTERDAY        0.00          2.12 2000   0.15  -0.15     0.11
  MONTH TO DATE    0.40                      3.11  -2.71     4.47
  SINCE DEC 1     31.99                     26.22   5.77    29.88
  SINCE JAN 1     26.36                     21.04   5.32    23.59

SNOWFALL (IN)
  YESTERDAY        0.0
  MONTH TO DATE    0.0
  SINCE MAR 1      0.0
  SINCE JUL 1      2.8
  SNOW DEPTH       0

DEGREE DAYS
 HEATING
  YESTERDAY        0                         0      0        0
  MONTH TO DATE    0                        16    -16       12
  SINCE MAR 1    413                       442    -29      266
  SINCE JUL 1   2515                      2670   -155     1718

 COOLING
  YESTERDAY       14                         7      7       14
  MONTH TO DATE  193                       106     87       99
  SINCE MAR 1    241                       199     42      245
  SINCE JAN 1    266                       205     61      272
..................................................................


WIND (MPH)
  HIGHEST WIND SPEED    15   HIGHEST WIND DIRECTION     S (180)
  HIGHEST GUST SPEED    20   HIGHEST GUST DIRECTION     S (170)
  AVERAGE WIND SPEED     5.1


SKY COVER
  POSSIBLE SUNSHINE  MM
  AVERAGE SKY COVER 0.1


WEATHER CONDITIONS
 THE FOLLOWING WEATHER WAS RECORDED YESTERDAY.
  FOG


RELATIVE HUMIDITY (PERCENT)
 HIGHEST   100          1200 AM
 LOWEST     52           200 PM
 AVERAGE    76

..........................................................


THE EL DORADO CLIMATE NORMALS FOR TODAY
                         NORMAL    RECORD    YEAR
 MAXIMUM TEMPERATURE (F)   83        97      1937
 MINIMUM TEMPERATURE (F)   61        48      2009
                                             2002


SUNRISE AND SUNSET
MAY 20 2018...........SUNRISE   608 AM CDT   SUNSET   808 PM CDT
MAY 21 2018...........SUNRISE   608 AM CDT   SUNSET   808 PM CDT


-  INDICATES NEGATIVE NUMBERS.
R  INDICATES RECORD WAS SET OR TIED.
MM INDICATES DATA IS MISSING.
T  INDICATES TRACE AMOUNT.




$$
