661
CDUS44 KEPZ 230935
CLIELP


CLIMATE REPORT
NATIONAL WEATHER SERVICE EL PASO, TX
333 AM MDT WED MAY 23 2018


...................................

...THE EL PASO CLIMATE SUMMARY FOR MAY 22 2018...

CLIMATE NORMAL PERIOD 1981 TO 2010
CLIMATE RECORD PERIOD 1879 TO 2018


WEATHER ITEM   OBSERVED TIME   RECORD YEAR NORMAL DEPARTURE LAST
                VALUE   (LST)  VALUE       VALUE  FROM      YEAR
                                                  NORMAL
..................................................................
TEMPERATURE (F)
 YESTERDAY
  MAXIMUM         93    425 PM 105    2005  90      3       95
  MINIMUM         65    550 AM  43    1977  62      3       64
  AVERAGE         79                        76      3       80

PRECIPITATION (IN)
  YESTERDAY        0.00          0.59 2009   0.01  -0.01     0.00
  MONTH TO DATE    0.41                      0.31   0.10      T
  SINCE MAR 1      0.62                      0.80  -0.18     0.14
  SINCE JAN 1      1.39                      1.66  -0.27     1.35

SNOWFALL (IN)
  YESTERDAY        0.0                                       0.0
  MONTH TO DATE    0.0                                       0.0
  SINCE MAR 1      0.0                                       0.0
  SINCE JUL 1      0.1                                        T
  SNOW DEPTH       0

DEGREE DAYS
 HEATING
  YESTERDAY        0                         0      0        0
  MONTH TO DATE    0                         6     -6        2
  SINCE MAR 1    148                       368   -220      108
  SINCE JUL 1   1643                      2471   -828     1577

 COOLING
  YESTERDAY       14                        11      3       15
  MONTH TO DATE  296                       175    121      187
  SINCE MAR 1    517                       267    250      426
  SINCE JAN 1    517                       267    250      429
..................................................................


WIND (MPH)
  HIGHEST WIND SPEED    18   HIGHEST WIND DIRECTION    SW (220)
  HIGHEST GUST SPEED    22   HIGHEST GUST DIRECTION    SW (210)
  AVERAGE WIND SPEED     5.9


SKY COVER
  POSSIBLE SUNSHINE  MM
  AVERAGE SKY COVER 0.3


WEATHER CONDITIONS
 THE FOLLOWING WEATHER WAS RECORDED YESTERDAY.
  NO SIGNIFICANT WEATHER WAS OBSERVED.


RELATIVE HUMIDITY (PERCENT)
 HIGHEST    73           500 AM
 LOWEST     10           700 PM
 AVERAGE    42

..........................................................


THE EL PASO CLIMATE NORMALS FOR TODAY
                         NORMAL    RECORD    YEAR
 MAXIMUM TEMPERATURE (F)   90       105      2005
 MINIMUM TEMPERATURE (F)   62        45      1975


SUNRISE AND SUNSET
MAY 23 2018...........SUNRISE   604 AM MDT   SUNSET   801 PM MDT
MAY 24 2018...........SUNRISE   604 AM MDT   SUNSET   802 PM MDT


-  INDICATES NEGATIVE NUMBERS.
R  INDICATES RECORD WAS SET OR TIED.
MM INDICATES DATA IS MISSING.
T  INDICATES TRACE AMOUNT.




$$
