000
CDUS45 KLKN 230930
CLIELY


CLIMATE REPORT
NATIONAL WEATHER SERVICE ELKO NV
226 AM PDT WED MAY 23 2018


...................................

...THE ELY AIRPORT NV CLIMATE SUMMARY FOR MAY 22 2018...

CLIMATE NORMAL PERIOD 1981 TO 2010
CLIMATE RECORD PERIOD 1893 TO 2018


WEATHER ITEM   OBSERVED TIME   RECORD YEAR NORMAL DEPARTURE LAST
                VALUE   (LST)  VALUE       VALUE  FROM      YEAR
                                                  NORMAL
..................................................................
TEMPERATURE (F)
 YESTERDAY
  MAXIMUM         59    445 PM  87    2000  70    -11       75
  MINIMUM         35    501 AM  18    2002  35      0       32
  AVERAGE         47                        52     -5       54

PRECIPITATION (IN)
  YESTERDAY        T             0.82 1991   0.04  -0.04     0.00
  MONTH TO DATE    0.80                      0.78   0.02     0.27
  SINCE OCT 1      4.48                      6.40  -1.92     7.94
  SINCE JAN 1      3.90                      4.11  -0.21     6.16

SNOWFALL (IN)
  YESTERDAY        0.0           0.3  1971   0.1   -0.1      0.0
  MONTH TO DATE    0.7                       2.1   -1.4      1.2
  SINCE MAR 1     18.4                      15.6    2.8     18.4
  SINCE JUL 1     44.9                      50.5   -5.6     68.0
  SNOW DEPTH       0

DEGREE DAYS
 HEATING
  YESTERDAY       18                        13      5       11
  MONTH TO DATE  305                       341    -36      338
  SINCE MAR 1   1819                      1907    -88     1750
  SINCE JUL 1   6616                      7244   -628     6711

 COOLING
  YESTERDAY        0                         0      0        0
  MONTH TO DATE    0                         0      0        0
  SINCE MAR 1      0                         0      0        0
  SINCE JAN 1      0                         0      0        0
..................................................................


WIND (MPH)
  HIGHEST WIND SPEED    20   HIGHEST WIND DIRECTION     E (90)
  HIGHEST GUST SPEED    22   HIGHEST GUST DIRECTION     E (90)
  AVERAGE WIND SPEED     7.8



WEATHER CONDITIONS
 THE FOLLOWING WEATHER WAS RECORDED YESTERDAY.
  THUNDERSTORM
  LIGHT RAIN


RELATIVE HUMIDITY (PERCENT)
 HIGHEST   100           200 AM
 LOWEST     47           300 PM
 AVERAGE    74

..........................................................


THE ELY AIRPORT NV CLIMATE NORMALS FOR TODAY
                         NORMAL    RECORD    YEAR
 MAXIMUM TEMPERATURE (F)   70        88      1984
 MINIMUM TEMPERATURE (F)   35        21      2007


SUNRISE AND SUNSET
MAY 23 2018...........SUNRISE   520 AM PDT   SUNSET   753 PM PDT
MAY 24 2018...........SUNRISE   519 AM PDT   SUNSET   754 PM PDT


-  INDICATES NEGATIVE NUMBERS.
R  INDICATES RECORD WAS SET OR TIED.
MM INDICATES DATA IS MISSING.
T  INDICATES TRACE AMOUNT.




$$
