000
CDUS42 KKEY 272018
CLIEYW


CLIMATE REPORT
NATIONAL WEATHER SERVICE KEY WEST, FL
417 PM EDT SUN MAY 27 2018


...................................

...THE KEY WEST CLIMATE SUMMARY FOR MAY 27 2018...
VALID TODAY AS OF 0400 PM LOCAL TIME.

CLIMATE NORMAL PERIOD 1981 TO 2010
CLIMATE RECORD PERIOD 1871 TO 2018


WEATHER ITEM   OBSERVED TIME   RECORD YEAR NORMAL DEPARTURE LAST
                VALUE   (LST)  VALUE       VALUE  FROM      YEAR
                                                  NORMAL
..................................................................
TEMPERATURE (F)
 TODAY
  MAXIMUM         84    258 PM  90    2017  86     -2       90
                                      2000
                                      1989
  MINIMUM         77   1204 AM  70    1894  77      0       81
  AVERAGE         81                        82     -1       86

PRECIPITATION (IN)
  TODAY            T             2.95 1984   0.13  -0.13     0.00
  MONTH TO DATE   13.47                      2.43  11.04     1.19
  SINCE MAR 1     15.80                      6.53   9.27     6.00
  SINCE JAN 1     17.04                     10.06   6.98     9.05

SNOWFALL (IN)
  TODAY            0.0
  MONTH TO DATE    0.0
  SINCE MAR 1      0.0
  SINCE JUL 1      0.0
  SNOW DEPTH       0

DEGREE DAYS
 HEATING
  TODAY            0                         0      0        0
  MONTH TO DATE    0                         0      0        0
  SINCE MAR 1      2                         7     -5        0
  SINCE JUL 1     44                        73    -29        5

 COOLING
  TODAY           16                        17     -1       21
  MONTH TO DATE  379                       409    -30      440
  SINCE MAR 1   1013                      1015     -2     1134
  SINCE JAN 1   1466                      1363    103     1674
..................................................................


WIND (MPH)
  HIGHEST WIND SPEED    31   HIGHEST WIND DIRECTION    SE (140)
  HIGHEST GUST SPEED    41   HIGHEST GUST DIRECTION    SE (130)
  AVERAGE WIND SPEED    20.5


SKY COVER
  POSSIBLE SUNSHINE  MM
  AVERAGE SKY COVER 0.5


WEATHER CONDITIONS
 THE FOLLOWING WEATHER WAS RECORDED TODAY.
  LIGHT RAIN
  FOG


RELATIVE HUMIDITY (PERCENT)
 HIGHEST    97
 LOWEST     82
 AVERAGE    90

..........................................................


THE KEY WEST CLIMATE NORMALS FOR TOMORROW
                         NORMAL    RECORD    YEAR
 MAXIMUM TEMPERATURE (F)   86        92      1953
 MINIMUM TEMPERATURE (F)   77        68      1916


SUNRISE AND SUNSET
MAY 27 2018...........SUNRISE   639 AM EDT   SUNSET   809 PM EDT
MAY 28 2018...........SUNRISE   639 AM EDT   SUNSET   810 PM EDT


-  INDICATES NEGATIVE NUMBERS.
R  INDICATES RECORD WAS SET OR TIED.
MM INDICATES DATA IS MISSING.
T  INDICATES TRACE AMOUNT.




$$
