000
CDAK49 PAFG 191221
CLIFAI

CLIMATE REPORT
NATIONAL WEATHER SERVICE FAIRBANKS AK
421 AM AKDT THU APR 19 2018

...................................

...THE FAIRBANKS AK CLIMATE SUMMARY FOR APRIL 18 2018...

CLIMATE NORMAL PERIOD 1981 TO 2010
CLIMATE RECORD PERIOD 1904 TO 2018


WEATHER ITEM   OBSERVED TIME   RECORD YEAR NORMAL DEPARTURE LAST
                VALUE   (LST)  VALUE       VALUE  FROM      YEAR
                                                  NORMAL
..................................................................
TEMPERATURE (F)
 YESTERDAY
  MAXIMUM         42    407 PM  68    1999  46     -4       41
  MINIMUM         24    453 AM -18    1948  23      1       19
  AVERAGE         33                        35     -2       30

PRECIPITATION (IN)
  YESTERDAY        0.00          0.20 1966   0.01  -0.01     0.00
  MONTH TO DATE    T                         0.15  -0.15     0.09
  SINCE MAR 1      0.58                      0.40   0.18     0.26
  SINCE JAN 1      3.24                      1.40   1.84     2.46

SNOWFALL (IN)
  YESTERDAY        0.0           3.0  2005   0.1   -0.1      0.0
  MONTH TO DATE    T                         2.0   -2.0      1.2
  SINCE MAR 1      8.9                       6.9    2.0      4.7
  SINCE JUL 1     83.2                      63.2   20.0     83.7
  SNOW DEPTH      17

DEGREE DAYS
 HEATING
  YESTERDAY       32                        30      2       35
  MONTH TO DATE  662                       662      0      556
  SINCE MAR 1   2185                      2322   -137     2655
  SINCE JUL 1  11410                     12712  -1302    12785

 COOLING
  YESTERDAY        0                         0      0        0
  MONTH TO DATE    0                         0      0        0
  SINCE MAR 1      0                         0      0        0
  SINCE JAN 1      0                         0      0        0
..................................................................


WIND (MPH)
  HIGHEST GUST SPEED    21   HIGHEST GUST DIRECTION    NE (60)


SKY COVER
  AVERAGE SKY COVER 0.0


WEATHER CONDITIONS
 THE FOLLOWING WEATHER WAS RECORDED YESTERDAY.
  NO SIGNIFICANT WEATHER WAS OBSERVED.


RELATIVE HUMIDITY (PERCENT)
 HIGHEST    63
 LOWEST     30
 AVERAGE    47

..........................................................


THE FAIRBANKS AK CLIMATE NORMALS FOR TODAY
                         NORMAL    RECORD    YEAR
 MAXIMUM TEMPERATURE (F)   47        66      2010
                                             1999
 MINIMUM TEMPERATURE (F)   24        -7      1959


SUNRISE AND SUNSET
APRIL 19 2018.........SUNRISE   601 AM AKDT  SUNSET   942 PM AKDT
APRIL 20 2018.........SUNRISE   558 AM AKDT  SUNSET   945 PM AKDT


-  INDICATES NEGATIVE NUMBERS.
R  INDICATES RECORD WAS SET OR TIED.
MM INDICATES DATA IS MISSING.
T  INDICATES TRACE AMOUNT.

&&

SNOW DEPTH IS MEASURED AT 3AM AKST/4AM AKDT

----------------------------
AVAILABLE DAYLIGHT

AMOUNT OF DAYLIGHT TODAY  (HOUR:MIN)........15:41
GAIN SINCE YESTERDAY........................7 MINUTES
----------------------------

$$
HFL APR 18
