000
CDUS43 KFGF 190647
CLIFAR


CLIMATE REPORT
NATIONAL WEATHER SERVICE EASTERN NORTH DAKOTA/GRAND FORKS
146 AM CDT THU APR 19 2018


...................................

...THE FARGO HECTOR INTL AP ND CLIMATE SUMMARY FOR APRIL 18 2018...

CLIMATE NORMAL PERIOD 1981 TO 2010
CLIMATE RECORD PERIOD 1881 TO 2018


WEATHER ITEM   OBSERVED TIME   RECORD YEAR NORMAL DEPARTURE LAST
                VALUE   (LST)  VALUE       VALUE  FROM      YEAR
                                                  NORMAL
..................................................................
TEMPERATURE (F)
 YESTERDAY
  MAXIMUM         52    520 PM  90    1987  58     -6       48
  MINIMUM         31    530 AM  12    1988  34     -3       36
  AVERAGE         42                        46     -4       42

PRECIPITATION (IN)
  YESTERDAY        0.00          1.16 1896   0.04  -0.04     0.61
  MONTH TO DATE    0.33                      0.72  -0.39     0.77
  SINCE MAR 1      2.26                      2.02   0.24     1.10
  SINCE JAN 1      3.30                      3.33  -0.03     2.87

SNOWFALL (IN)
  YESTERDAY        0.0           1.7  2011   0.1   -0.1      0.0
  MONTH TO DATE    3.8                       2.1    1.7      0.0
  SINCE MAR 1     22.8                      11.2   11.6      1.6
  SINCE JUL 1     50.0                      49.2    0.8     30.9
  SNOW DEPTH       T

DEGREE DAYS
 HEATING
  YESTERDAY       23                        19      4       23
  MONTH TO DATE  716                       431    285      307
  SINCE MAR 1   1913                      1583    330     1397
  SINCE JUL 1   8560                      8261    299     6895

 COOLING
  YESTERDAY        0                         0      0        0
  MONTH TO DATE    0                         0      0        0
  SINCE MAR 1      0                         0      0        0
  SINCE JAN 1      0                         0      0        0
..................................................................


WIND (MPH)
  HIGHEST WIND SPEED    24   HIGHEST WIND DIRECTION     N (360)
  HIGHEST GUST SPEED    31   HIGHEST GUST DIRECTION     N (360)
  AVERAGE WIND SPEED    11.1


SKY COVER
  POSSIBLE SUNSHINE  MM
  AVERAGE SKY COVER 0.0


WEATHER CONDITIONS
 THE FOLLOWING WEATHER WAS RECORDED YESTERDAY.
  NO SIGNIFICANT WEATHER WAS OBSERVED.


RELATIVE HUMIDITY (PERCENT)
 HIGHEST    89           900 PM
 LOWEST     44           500 PM
 AVERAGE    67

..........................................................


THE FARGO HECTOR INTL AP ND CLIMATE NORMALS FOR TODAY
                         NORMAL    RECORD    YEAR
 MAXIMUM TEMPERATURE (F)   58        86      1987
 MINIMUM TEMPERATURE (F)   34        11      1928


SUNRISE AND SUNSET
APRIL 19 2018.........SUNRISE   632 AM CDT   SUNSET   821 PM CDT
APRIL 20 2018.........SUNRISE   630 AM CDT   SUNSET   823 PM CDT


-  INDICATES NEGATIVE NUMBERS.
R  INDICATES RECORD WAS SET OR TIED.
MM INDICATES DATA IS MISSING.
T  INDICATES TRACE AMOUNT.




$$
