000
CDUS42 KRAH 192058
CLIFAY


CLIMATE REPORT
NATIONAL WEATHER SERVICE RALEIGH NC
451 PM EDT THU APR 19 2018


...................................

...THE FAYETTEVILLE REGL AIRPORT NC CLIMATE SUMMARY FOR APRIL 19 2018...
VALID TODAY AS OF 0451 PM LOCAL TIME.

CLIMATE NORMAL PERIOD 1981 TO 2010
CLIMATE RECORD PERIOD 1910 TO 2018


WEATHER ITEM   OBSERVED TIME   RECORD YEAR NORMAL DEPARTURE LAST
                VALUE   (LST)  VALUE       VALUE  FROM      YEAR
                                                  NORMAL
..................................................................
TEMPERATURE (F)
 TODAY
  MAXIMUM         83   1234 PM  94    1941  76      7       78
  MINIMUM         66    624 AM  30    2001  51     15       60
  AVERAGE         75                        64     11       69

PRECIPITATION (IN)
  TODAY            0.00          2.15 1969   0.09  -0.09     0.00
  MONTH TO DATE    1.38                      1.94  -0.56     1.11
  SINCE MAR 1      4.25                      5.49  -1.24     3.79
  SINCE JAN 1      8.95                     11.55  -2.60     7.21

DEGREE DAYS
 HEATING
  TODAY            0                         4     -4        0
  MONTH TO DATE  124                       105     19       35
  SINCE MAR 1    588                       449    139      384
  SINCE JUL 1   2654                      2674    -20     2006

 COOLING
  TODAY           10                         2      8        4
  MONTH TO DATE   41                        32      9       63
  SINCE MAR 1     46                        44      2       99
  SINCE JAN 1     94                        48     46      114
..................................................................


WIND (MPH)
  HIGHEST WIND SPEED    26   HIGHEST WIND DIRECTION    NW (330)
  HIGHEST GUST SPEED    38   HIGHEST GUST DIRECTION    NW (320)
  AVERAGE WIND SPEED    18.9


SKY COVER
  POSSIBLE SUNSHINE  MM
  AVERAGE SKY COVER 0.2


WEATHER CONDITIONS
 THE FOLLOWING WEATHER WAS RECORDED TODAY.
  NO SIGNIFICANT WEATHER WAS OBSERVED.


RELATIVE HUMIDITY (PERCENT)
 HIGHEST    58           600 AM
 LOWEST     26           300 PM
 AVERAGE    42

..........................................................


THE FAYETTEVILLE REGL AIRPORT NC CLIMATE NORMALS FOR TOMORROW
                         NORMAL    RECORD    YEAR
 MAXIMUM TEMPERATURE (F)   76        94      1917
 MINIMUM TEMPERATURE (F)   51        31      1983


SUNRISE AND SUNSET
APRIL 19 2018.........SUNRISE   639 AM EDT   SUNSET   751 PM EDT
APRIL 20 2018.........SUNRISE   637 AM EDT   SUNSET   752 PM EDT


-  INDICATES NEGATIVE NUMBERS.
R  INDICATES RECORD WAS SET OR TIED.
MM INDICATES DATA IS MISSING.
T  INDICATES TRACE AMOUNT.




$$
