215
CDUS43 KFGF 240719
CLIFGF


CLIMATE REPORT
NATIONAL WEATHER SERVICE EASTERN NORTH DAKOTA/GRAND FORKS
219 AM CDT THU MAY 24 2018


...................................

...THE GRAND FORKS UNIV. (NWS) ND CLIMATE SUMMARY FOR MAY 23 2018...

CLIMATE NORMAL PERIOD 1981 TO 2010
CLIMATE RECORD PERIOD 1893 TO 2018


WEATHER ITEM   OBSERVED TIME   RECORD YEAR NORMAL DEPARTURE LAST
                VALUE   (LST)  VALUE       VALUE  FROM      YEAR
                                                  NORMAL
..................................................................
TEMPERATURE (F)
 YESTERDAY
  MAXIMUM         85        MM  95    1928  70     15       61
  MINIMUM         61        MM  27    1917  46     15       43
  AVERAGE         73                        58     15       52

PRECIPITATION (IN)
  YESTERDAY        0.00          1.59 1943   0.10  -0.10      T
  MONTH TO DATE    1.34                      1.91  -0.57     0.94
  SINCE MAR 1      3.38                      3.91  -0.53     3.26
  SINCE JAN 1      4.51                      5.21  -0.70     4.36

SNOWFALL (IN)
  YESTERDAY        0.0           T    2002   0.0    0.0      0.0
  MONTH TO DATE    0.0                       0.1   -0.1      0.0
  SINCE MAR 1     18.4                       8.1   10.3      6.8
  SINCE JUL 1     57.0                      43.4   13.6     49.7
  SNOW DEPTH       0

DEGREE DAYS
 HEATING
  YESTERDAY        0                         8     -8       13
  MONTH TO DATE  177                       258    -81      226
  SINCE MAR 1   2301                      2113    188     2059
  SINCE JUL 1   9281                      9073    208     8007

 COOLING
  YESTERDAY        8                         1      7        0
  MONTH TO DATE   18                        18      0        0
  SINCE MAR 1     18                        21     -3        0
  SINCE JAN 1     18                        21     -3        0
..................................................................


WIND (MPH)
  RESULTANT WIND SPEED  MM   RESULTANT WIND DIRECTION  MM
  HIGHEST WIND SPEED    MM   HIGHEST WIND DIRECTION    MM
  HIGHEST GUST SPEED    MM   HIGHEST GUST DIRECTION    MM
  AVERAGE WIND SPEED    MM


SKY COVER
  POSSIBLE SUNSHINE  MM
  AVERAGE SKY COVER  MM


WEATHER CONDITIONS
 THE FOLLOWING WEATHER WAS RECORDED YESTERDAY.
  NO SIGNIFICANT WEATHER WAS OBSERVED.


RELATIVE HUMIDITY (PERCENT)
 HIGHEST    MM
 LOWEST     MM
 AVERAGE    MM

..........................................................


THE GRAND FORKS UNIV. (NWS) ND CLIMATE NORMALS FOR TODAY
                         NORMAL    RECORD    YEAR
 MAXIMUM TEMPERATURE (F)   71        90      1980
 MINIMUM TEMPERATURE (F)   46        27      2002


SUNRISE AND SUNSET
MAY 24 2018...........SUNRISE   540 AM CDT   SUNSET   911 PM CDT
MAY 25 2018...........SUNRISE   539 AM CDT   SUNSET   912 PM CDT


-  INDICATES NEGATIVE NUMBERS.
R  INDICATES RECORD WAS SET OR TIED.
MM INDICATES DATA IS MISSING.
T  INDICATES TRACE AMOUNT.




$$
