000
CDUS45 KFGZ 230734
CLIFLG


CLIMATE REPORT
NATIONAL WEATHER SERVICE FLAGSTAFF, AZ
1234 AM MST MON APR 23 2018


...................................

...THE FLAGSTAFF AZ AIRPORT CLIMATE SUMMARY FOR APRIL 22 2018...

CLIMATE NORMAL PERIOD 1981 TO 2010
CLIMATE RECORD PERIOD 1898 TO 2018


WEATHER ITEM   OBSERVED TIME   RECORD YEAR NORMAL DEPARTURE LAST
                VALUE   (LST)  VALUE       VALUE  FROM      YEAR
                                                  NORMAL
..................................................................
TEMPERATURE (F)
 YESTERDAY
  MAXIMUM         69    400 PM  78    2012  60      9       70
  MINIMUM         27    552 AM  11    1963  30     -3       27
  AVERAGE         48                        45      3

PRECIPITATION (IN)
  YESTERDAY        0.00          1.08 1925   0.03  -0.03     0.00
  MONTH TO DATE    0.06                      0.92  -0.86     0.17
  SINCE SEP 1      5.50                     14.92  -9.42    17.46
  SINCE JAN 1      5.07                      7.25  -2.18     8.85

SNOWFALL (IN)
  YESTERDAY        0.0           7.5  1988   0.2   -0.2      0.0
  MONTH TO DATE    0.0                       5.6   -5.6      1.7
  SINCE JUL 1     37.4                      99.5  -62.1     95.5
  SNOW DEPTH       0

DEGREE DAYS
 HEATING
  YESTERDAY       17                        20     -3       16
  MONTH TO DATE  414                       500    -86      439
  SINCE JUL 1   5390                      6207   -817     5630

 COOLING
  YESTERDAY        0                         0      0        0
  MONTH TO DATE    0                         0      0        0
  SINCE JAN 1      0                         0      0        0
..................................................................


WIND (MPH)
  HIGHEST WIND SPEED    16   HIGHEST WIND DIRECTION    SW (220)
  HIGHEST GUST SPEED    26   HIGHEST GUST DIRECTION     S (200)
  AVERAGE WIND SPEED     4.0


SKY COVER
  POSSIBLE SUNSHINE  MM
  AVERAGE SKY COVER 0.0


WEATHER CONDITIONS
 THE FOLLOWING WEATHER WAS RECORDED YESTERDAY.
  NO SIGNIFICANT WEATHER WAS OBSERVED.


RELATIVE HUMIDITY (PERCENT)
 HIGHEST    63           200 AM
 LOWEST     13           300 PM
 AVERAGE    38

..........................................................


THE FLAGSTAFF AZ AIRPORT CLIMATE NORMALS FOR TODAY
                         NORMAL    RECORD    YEAR
 MAXIMUM TEMPERATURE (F)   61        78      2012
 MINIMUM TEMPERATURE (F)   30        14      1963


SUNRISE AND SUNSET
APRIL 23 2018.........SUNRISE   545 AM MST   SUNSET   706 PM MST
APRIL 24 2018.........SUNRISE   543 AM MST   SUNSET   707 PM MST


-  INDICATES NEGATIVE NUMBERS.
R  INDICATES RECORD WAS SET OR TIED.
MM INDICATES DATA IS MISSING.
T  INDICATES TRACE AMOUNT.




$$
