000
CDUS43 KDTX 250536
CLIFNT


CLIMATE REPORT
NATIONAL WEATHER SERVICE DETROIT/PONTIAC MI
135 AM EDT FRI MAY 25 2018


...................................

...THE FLINT MI CLIMATE SUMMARY FOR MAY 24 2018...

CLIMATE NORMAL PERIOD 1981 TO 2010
CLIMATE RECORD PERIOD 1921 TO 2018


WEATHER ITEM   OBSERVED TIME   RECORD YEAR NORMAL DEPARTURE LAST
                VALUE   (LST)  VALUE       VALUE  FROM      YEAR
                                                  NORMAL
..................................................................
TEMPERATURE (F)
 YESTERDAY
  MAXIMUM         81    517 PM  88    2016  71     10       71
                                      2007
  MINIMUM         48    522 AM  32    1956  48      0       53
                                      1931
  AVERAGE         65                        60      5       62

PRECIPITATION (IN)
  YESTERDAY        0.00          1.18 1975   0.10  -0.10     0.16
  MONTH TO DATE    2.80                      2.38   0.42     2.35
  SINCE MAR 1      7.02                      7.18  -0.16    10.75
  SINCE JAN 1     12.90                     10.29   2.61    16.30

SNOWFALL (IN)
  YESTERDAY        0.0           T      MM   0.0    0.0      0.0
  MONTH TO DATE    0.0                       0.0    0.0      0.0
  SINCE MAR 1     19.6                       8.8   10.8      6.9
  SINCE JUL 1     85.3                      47.4   37.9     39.4
  SNOW DEPTH       0

DEGREE DAYS
 HEATING
  YESTERDAY        0                         7     -7        3
  MONTH TO DATE  128                       239   -111      254
  SINCE MAR 1   1927                      1758    169     1616
  SINCE JUL 1   6877                      6846     31     5765

 COOLING
  YESTERDAY        0                         1     -1        0
  MONTH TO DATE   17                        16      1       17
  SINCE MAR 1     17                        20     -3       20
  SINCE JAN 1     17                        20     -3       20
..................................................................


WIND (MPH)
  HIGHEST WIND SPEED    14   HIGHEST WIND DIRECTION    SW (240)
  HIGHEST GUST SPEED    21   HIGHEST GUST DIRECTION     W (250)
  AVERAGE WIND SPEED     4.2


SKY COVER
  POSSIBLE SUNSHINE  MM
  AVERAGE SKY COVER 0.0


WEATHER CONDITIONS
 THE FOLLOWING WEATHER WAS RECORDED YESTERDAY.
  FOG


RELATIVE HUMIDITY (PERCENT)
 HIGHEST   100           100 AM
 LOWEST     30           200 PM
 AVERAGE    65

..........................................................


THE FLINT MI CLIMATE NORMALS FOR TODAY
                         NORMAL    RECORD    YEAR
 MAXIMUM TEMPERATURE (F)   71        89      2016
 MINIMUM TEMPERATURE (F)   48        30      1992


SUNRISE AND SUNSET
MAY 25 2018...........SUNRISE   603 AM EDT   SUNSET   901 PM EDT
MAY 26 2018...........SUNRISE   602 AM EDT   SUNSET   902 PM EDT


-  INDICATES NEGATIVE NUMBERS.
R  INDICATES RECORD WAS SET OR TIED.
MM INDICATES DATA IS MISSING.
T  INDICATES TRACE AMOUNT.




$$
