000
CDUS44 KTSA 260801
CLIFSM

CLIMATE REPORT
NATIONAL WEATHER SERVICE TULSA OK
300 AM CDT THU APR 26 2018


...................................

...THE FORT SMITH ARKANSAS CLIMATE SUMMARY FOR APRIL 25 2018...

CLIMATE NORMAL PERIOD 1981 TO 2010
CLIMATE RECORD PERIOD 1882 TO 2018


WEATHER ITEM   OBSERVED TIME   RECORD YEAR NORMAL DEPARTURE LAST
                VALUE   (LST)  VALUE       VALUE  FROM      YEAR
                                                  NORMAL
..................................................................
TEMPERATURE (F)
 YESTERDAY
  MAXIMUM         59    301 PM  89    2012  76    -17       84
  MINIMUM         51   1159 PM  35    1910  53     -2       54
  AVERAGE         55                        64     -9       69

PRECIPITATION (IN)
  YESTERDAY        0.27          3.21 1924   0.16   0.11     0.00
  MONTH TO DATE    3.63                      3.49   0.14     3.83
  SINCE MAR 1      6.70                      7.34  -0.64     7.58
  SINCE JAN 1     15.96                     12.91   3.05    12.40

SNOWFALL (IN)
  YESTERDAY        0.0                                       0.0
  MONTH TO DATE    0.0                                       0.0
  SINCE MAR 1      0.0                                       0.0
  SINCE JUL 1      T                                         2.0

DEGREE DAYS
 HEATING
  YESTERDAY       10                         3      7        0
  MONTH TO DATE  249                       142    107       52
  SINCE MAR 1    561                       528     33      313
  SINCE JUL 1   3036                      3201   -165     2222

 COOLING
  YESTERDAY        0                         2     -2        4
  MONTH TO DATE    8                        40    -32       74
  SINCE MAR 1     14                        51    -37      108
  SINCE JAN 1     16                        52    -36      124
..................................................................


WIND (MPH)
  HIGHEST WIND SPEED    17   HIGHEST WIND DIRECTION     W (260)
  HIGHEST GUST SPEED    21   HIGHEST GUST DIRECTION     W (260)
  AVERAGE WIND SPEED     7.0


SKY COVER
  POSSIBLE SUNSHINE  MM
  AVERAGE SKY COVER 0.7


WEATHER CONDITIONS
 THE FOLLOWING WEATHER WAS RECORDED YESTERDAY.
  RAIN
  LIGHT RAIN
  FOG


RELATIVE HUMIDITY (PERCENT)
 HIGHEST    96          1000 PM
 LOWEST     62          1200 AM
 AVERAGE    79

..........................................................


THE FORT SMITH ARKANSAS CLIMATE NORMALS FOR TODAY
                         NORMAL    RECORD    YEAR
 MAXIMUM TEMPERATURE (F)   76        90      1896
 MINIMUM TEMPERATURE (F)   53        33      1910


SUNRISE AND SUNSET
APRIL 26 2018.........SUNRISE   632 AM CDT   SUNSET   759 PM CDT
APRIL 27 2018.........SUNRISE   630 AM CDT   SUNSET   800 PM CDT


-  INDICATES NEGATIVE NUMBERS.
R  INDICATES RECORD WAS SET OR TIED.
MM INDICATES DATA IS MISSING.
T  INDICATES TRACE AMOUNT.




$$

&&
...........................................................

THE ARKANSAS RIVER AT VAN BUREN

                   OBSERVED      24 HOUR     24 HOUR
                    VALUE        CHANGE      FORECAST

 STAGE (FEET)
  THIS MORNING       20.1         +0.4

 MEAN FLOW (CFS)
  TODAY                                        813
...........................................................
ALL DATA MEASURED AT THE FORT SMITH REGIONAL AIRPORT
