000
CDUS43 KIWX 260023
CLIFWA


CLIMATE REPORT
NATIONAL WEATHER SERVICE NORTHERN INDIANA
822 PM EDT FRI MAY 25 2018


...................................

...THE FORT WAYNE CLIMATE SUMMARY FOR MAY 25 2018...
VALID AS OF 0800 PM LOCAL TIME.

CLIMATE NORMAL PERIOD 1981 TO 2010
CLIMATE RECORD PERIOD 1897 TO 2018


WEATHER ITEM   OBSERVED TIME   RECORD YEAR NORMAL DEPARTURE LAST
                VALUE   (LST)  VALUE       VALUE  FROM      YEAR
                                                  NORMAL
..................................................................
TEMPERATURE (F)
 TODAY
  MAXIMUM         89    524 PM  95    1911  74     15       65
  MINIMUM         55    539 AM  33    1925  52      3       56
  AVERAGE         72                        63      9       61

PRECIPITATION (IN)
  TODAY            0.00          3.46 2011   0.16  -0.16     0.28
  MONTH TO DATE    2.60                      3.28  -0.68     7.50
  SINCE MAR 1      7.69                      9.51  -1.82    15.26
  SINCE JAN 1     13.31                     13.81  -0.50    21.73

SNOWFALL (IN)
  TODAY            0.0           0.0  2002   0.0    0.0      0.0
                                      2001
  MONTH TO DATE    0.0                       0.0    0.0      0.0
  SINCE MAR 1      4.5                       5.1   -0.6      3.4
  SINCE JUL 1     32.7                      33.5   -0.8     18.5
  SNOW DEPTH       0

DEGREE DAYS
 HEATING
  TODAY            0                         4     -4        4
  MONTH TO DATE   35                       171   -136      193
  SINCE MAR 1   1541                      1455     86     1282
  SINCE JUL 1   5869                      6053   -184     4976

 COOLING
  TODAY            7                         2      5        0
  MONTH TO DATE   55                        31     24       35
  SINCE MAR 1     56                        39     17       55
  SINCE JAN 1     56                        39     17       55
..................................................................


WIND (MPH)
  RESULTANT WIND SPEED   4   RESULTANT WIND DIRECTION  SW (230)
  HIGHEST WIND SPEED    15   HIGHEST WIND DIRECTION     W (250)
  HIGHEST GUST SPEED    19   HIGHEST GUST DIRECTION    SW (210)
  AVERAGE WIND SPEED     5.0


SKY COVER
  POSSIBLE SUNSHINE  MM
  AVERAGE SKY COVER 0.2


WEATHER CONDITIONS
 THE FOLLOWING WEATHER WAS RECORDED TODAY.
  HAZE


RELATIVE HUMIDITY (PERCENT)
 HIGHEST    86           500 AM
 LOWEST     26           400 PM
 AVERAGE    56

..........................................................


THE FORT WAYNE CLIMATE NORMALS FOR TOMORROW
                         NORMAL    RECORD    YEAR
 MAXIMUM TEMPERATURE (F)   75        97      1911
 MINIMUM TEMPERATURE (F)   53        35      1961


SUNRISE AND SUNSET
MAY 25 2018...........SUNRISE   615 AM EDT   SUNSET   901 PM EDT
MAY 26 2018...........SUNRISE   614 AM EDT   SUNSET   902 PM EDT


-  INDICATES NEGATIVE NUMBERS.
R  INDICATES RECORD WAS SET OR TIED.
MM INDICATES DATA IS MISSING.
T  INDICATES TRACE AMOUNT.




$$
