000
CDUS45 KRIW 270028
CLIGEY


CLIMATE REPORT
NATIONAL WEATHER SERVICE RIVERTON WY
628 PM MDT THU APR 26 2018


...................................

...THE GREYBULL WY CLIMATE SUMMARY FOR APRIL 26 2018...
VALID TODAY AS OF 0500 PM LOCAL TIME.

CLIMATE NORMAL PERIOD 1981 TO 2010
CLIMATE RECORD PERIOD 1998 TO 2018


WEATHER ITEM   OBSERVED TIME   RECORD YEAR NORMAL DEPARTURE LAST
                VALUE   (LST)  VALUE       VALUE  FROM      YEAR
                                                  NORMAL
..................................................................
TEMPERATURE (F)
 TODAY
  MAXIMUM         65        MM  84    2012  64      1       57
  MINIMUM         34        MM  28    2010  36     -2       32
                                      2002
  AVERAGE         50

PRECIPITATION (IN)
  TODAY            0.00          0.21 1999   0.03  -0.03     0.02
  MONTH TO DATE    0.56                      0.59  -0.03     0.49
  SINCE MAR 1      0.89                      0.99  -0.10     0.79
  SINCE JAN 1      1.16                      1.40  -0.24     1.00

DEGREE DAYS
 HEATING
  TODAY           15                        15      0       20
  MONTH TO DATE  567                       499     68      438
  SINCE MAR 1   1443                      1370     73     1082
  SINCE JUL 1   7630                      7341    289     7123

 COOLING
  TODAY            0                         0      0        0
  MONTH TO DATE    0                         0      0        0
  SINCE MAR 1      0                         0      0        0
  SINCE JAN 1      0                         0      0        0
..................................................................


WIND (MPH)
  HIGHEST WIND SPEED    17   HIGHEST WIND DIRECTION    NW (320)
  HIGHEST GUST SPEED    MM   HIGHEST GUST DIRECTION    MM
  AVERAGE WIND SPEED     6.5


SKY COVER
  POSSIBLE SUNSHINE  MM
  AVERAGE SKY COVER 0.0


WEATHER CONDITIONS
 THE FOLLOWING WEATHER WAS RECORDED TODAY.
  NO SIGNIFICANT WEATHER WAS OBSERVED.


RELATIVE HUMIDITY (PERCENT)
 HIGHEST    89           600 AM
 LOWEST     24           400 PM
 AVERAGE    57

..........................................................


THE GREYBULL WY CLIMATE NORMALS FOR TOMORROW
                         NORMAL    RECORD    YEAR
 MAXIMUM TEMPERATURE (F)   64        82      2004
 MINIMUM TEMPERATURE (F)   36        23      2008


SUNRISE AND SUNSET
APRIL 26 2018.........SUNRISE   610 AM MDT   SUNSET   811 PM MDT
APRIL 27 2018.........SUNRISE   609 AM MDT   SUNSET   812 PM MDT


-  INDICATES NEGATIVE NUMBERS.
R  INDICATES RECORD WAS SET OR TIED.
MM INDICATES DATA IS MISSING.
T  INDICATES TRACE AMOUNT.




$$
