000
CDUS43 KIND 200532
CLIGEZ


CLIMATE REPORT
NATIONAL WEATHER SERVICE INDIANAPOLIS IN
131 AM EDT SUN MAY 20 2018


...................................

...THE SHELBYVILLE IN CLIMATE SUMMARY FOR MAY 19 2018...

CLIMATE NORMAL PERIOD 1981 TO 2010
CLIMATE RECORD PERIOD 9999 TO 9999


WEATHER ITEM   OBSERVED TIME   NORMAL DEPARTURE LAST
                VALUE   (LST)  VALUE  FROM      YEAR
                                      NORMAL
......................................................
TEMPERATURE (F)
 YESTERDAY
  MAXIMUM         79   1202 PM  74      5       85
  MINIMUM         67    232 AM  54     13       61
  AVERAGE         73            64      9       73

PRECIPITATION (IN)
  YESTERDAY        0.24          0.17   0.07     0.57
  MONTH TO DATE    1.07          3.46  -2.39     4.52
  SINCE MAR 1      9.34         11.21  -1.87    11.78
  SINCE JAN 1     17.52         15.96   1.56    17.22

DEGREE DAYS
 HEATING
  YESTERDAY        0             4     -4        0
  MONTH TO DATE    5           105   -100      110
  SINCE MAR 1   1306          1202    104      914
  SINCE JUL 1   5214          5365   -151     4097

 COOLING
  YESTERDAY        8             3      5        8
  MONTH TO DATE  121            28     93       63
  SINCE MAR 1    129            41     88      123
  SINCE JAN 1    134            41     93      123
......................................................


WIND (MPH)
  HIGHEST WIND SPEED    24   HIGHEST WIND DIRECTION    SW (210)
  HIGHEST GUST SPEED    31   HIGHEST GUST DIRECTION    SW (220)
  AVERAGE WIND SPEED     9.0


SKY COVER
  AVERAGE SKY COVER 0.6


WEATHER CONDITIONS
 THE FOLLOWING WEATHER WAS RECORDED YESTERDAY.
  THUNDERSTORM
  RAIN
  LIGHT RAIN
  FOG


RELATIVE HUMIDITY (PERCENT)
 HIGHEST    90           800 AM
 LOWEST     69          1200 PM
 AVERAGE    80

..........................................................


THE SHELBYVILLE IN CLIMATE NORMALS FOR TODAY
                         NORMAL
 MAXIMUM TEMPERATURE (F)   75
 MINIMUM TEMPERATURE (F)   54


SUNRISE AND SUNSET
MAY 20 2018...........SUNRISE   625 AM EDT   SUNSET   855 PM EDT
MAY 21 2018...........SUNRISE   624 AM EDT   SUNSET   856 PM EDT


-  INDICATES NEGATIVE NUMBERS.
R  INDICATES RECORD WAS SET OR TIED.
MM INDICATES DATA IS MISSING.
T  INDICATES TRACE AMOUNT.




$$
