000
CDUS43 KFGF 250635
CLIGFK


CLIMATE REPORT
NATIONAL WEATHER SERVICE EASTERN NORTH DAKOTA/GRAND FORKS
134 AM CDT WED APR 25 2018


...................................

...THE GRAND FORKS INTL AP ND CLIMATE SUMMARY FOR APRIL 24 2018...

CLIMATE NORMAL PERIOD 1981 TO 2010
CLIMATE RECORD PERIOD 1948 TO 2018


WEATHER ITEM   OBSERVED TIME   RECORD YEAR NORMAL DEPARTURE LAST
                VALUE   (LST)  VALUE       VALUE  FROM      YEAR
                                                  NORMAL
..................................................................
TEMPERATURE (F)
 YESTERDAY
  MAXIMUM         54    435 PM  85    1990  59     -5       39
  MINIMUM         29   1029 PM  24    2005  33     -4       34
  AVERAGE         42                        46     -4       37

PRECIPITATION (IN)
  YESTERDAY        0.00          0.94 1979   0.04  -0.04     0.51
  MONTH TO DATE    0.15                      0.72  -0.57     1.23
  SINCE MAR 1      2.00                      1.68   0.32     2.08
  SINCE JAN 1      2.93                      2.75   0.18     2.93

SNOWFALL (IN)
  YESTERDAY        0.0           3.1  1950   0.0    0.0       T
  MONTH TO DATE    3.0                       2.3    0.7      0.9
  SINCE MAR 1     16.9                       9.5    7.4      1.1
  SINCE JUL 1     52.4                      46.7    5.7     39.4
  SNOW DEPTH       0

DEGREE DAYS
 HEATING
  YESTERDAY       23                        19      4       28
  MONTH TO DATE  855                       592    263      475
  SINCE MAR 1   2107                      1827    280     1630
  SINCE JUL 1   9097                      8977    120     7599

 COOLING
  YESTERDAY        0                         0      0        0
  MONTH TO DATE    0                         0      0        0
  SINCE MAR 1      0                         0      0        0
  SINCE JAN 1      0                         0      0        0
..................................................................


WIND (MPH)
  HIGHEST WIND SPEED    26   HIGHEST WIND DIRECTION     N (340)
  HIGHEST GUST SPEED    36   HIGHEST GUST DIRECTION     N (360)
  AVERAGE WIND SPEED    13.7


SKY COVER
  POSSIBLE SUNSHINE  MM
  AVERAGE SKY COVER 0.4


WEATHER CONDITIONS
 THE FOLLOWING WEATHER WAS RECORDED YESTERDAY.
  NO SIGNIFICANT WEATHER WAS OBSERVED.


RELATIVE HUMIDITY (PERCENT)
 HIGHEST    92          1100 PM
 LOWEST     38           400 PM
 AVERAGE    65

..........................................................


THE GRAND FORKS INTL AP ND CLIMATE NORMALS FOR TODAY
                         NORMAL    RECORD    YEAR
 MAXIMUM TEMPERATURE (F)   60        81      1977
 MINIMUM TEMPERATURE (F)   34        18      1958


SUNRISE AND SUNSET
APRIL 25 2018.........SUNRISE   621 AM CDT   SUNSET   833 PM CDT
APRIL 26 2018.........SUNRISE   619 AM CDT   SUNSET   835 PM CDT


-  INDICATES NEGATIVE NUMBERS.
R  INDICATES RECORD WAS SET OR TIED.
MM INDICATES DATA IS MISSING.
T  INDICATES TRACE AMOUNT.




$$
