000
CDUS44 KSHV 242149
CLIGGG


CLIMATE REPORT
NATIONAL WEATHER SERVICE SHREVEPORT, LA
445 PM CDT THU MAY 24 2018


...................................

...THE LONGVIEW CLIMATE SUMMARY FOR MAY 24 2018...
VALID TODAY AS OF 0400 PM LOCAL TIME.

CLIMATE NORMAL PERIOD 1981 TO 2010
CLIMATE RECORD PERIOD 1902 TO 2018


WEATHER ITEM   OBSERVED TIME   RECORD YEAR NORMAL DEPARTURE LAST
                VALUE   (LST)  VALUE       VALUE  FROM      YEAR
                                                  NORMAL
..................................................................
TEMPERATURE (F)
 TODAY
  MAXIMUM         91    246 PM  99    1936  85      6       76
  MINIMUM         66    544 AM  50    1931  64      2       54
  AVERAGE         79                        75      4       65

PRECIPITATION (IN)
  TODAY            0.00          2.05 1952   0.15  -0.15     0.00
  MONTH TO DATE    0.63                      3.66  -3.03     3.94
  SINCE DEC 1     29.18                     23.08   6.10    25.74
  SINCE JAN 1     23.85                     18.59   5.26    20.94

DEGREE DAYS
 HEATING
  TODAY            0                         0      0        0
  MONTH TO DATE    0                         8     -8        7
  SINCE MAR 1    283                       353    -70      190
  SINCE JUL 1   2077                      2257   -180     1291

 COOLING
  TODAY           14                        10      4        0
  MONTH TO DATE  293                       180    113      141
  SINCE MAR 1    403                       291    112      379
  SINCE JAN 1    439                       303    136      450
..................................................................


WIND (MPH)
  HIGHEST WIND SPEED    10   HIGHEST WIND DIRECTION    SE (130)
  HIGHEST GUST SPEED    13   HIGHEST GUST DIRECTION    SE (140)
  AVERAGE WIND SPEED     2.9


SKY COVER
  POSSIBLE SUNSHINE  MM
  AVERAGE SKY COVER 0.3


WEATHER CONDITIONS
 THE FOLLOWING WEATHER WAS RECORDED TODAY.
  NO SIGNIFICANT WEATHER WAS OBSERVED.


RELATIVE HUMIDITY (PERCENT)
 HIGHEST   100           100 AM
 LOWEST     44           200 PM
 AVERAGE    72

..........................................................


THE LONGVIEW CLIMATE NORMALS FOR TOMORROW
                         NORMAL    RECORD    YEAR
 MAXIMUM TEMPERATURE (F)   86        99      1937
 MINIMUM TEMPERATURE (F)   65        50      1967


SUNRISE AND SUNSET
MAY 24 2018...........SUNRISE   616 AM CDT   SUNSET   816 PM CDT
MAY 25 2018...........SUNRISE   615 AM CDT   SUNSET   817 PM CDT


-  INDICATES NEGATIVE NUMBERS.
R  INDICATES RECORD WAS SET OR TIED.
MM INDICATES DATA IS MISSING.
T  INDICATES TRACE AMOUNT.




$$
