000
CDUS44 KJAN 200710
CLIGLH


CLIMATE REPORT
NATIONAL WEATHER SERVICE JACKSON MS
203 AM CDT FRI APR 20 2018


...................................

...THE GREENVILLE CLIMATE SUMMARY FOR APRIL 19 2018...

CLIMATE NORMAL PERIOD 1981 TO 2010
CLIMATE RECORD PERIOD 1903 TO 2018


WEATHER ITEM   OBSERVED TIME   RECORD YEAR NORMAL DEPARTURE LAST
                VALUE   (LST)  VALUE       VALUE  FROM      YEAR
                                                  NORMAL
..................................................................
TEMPERATURE (F)
 YESTERDAY
  MAXIMUM         60    134 AM  89    1987  75    -15       84
  MINIMUM         46   1159 PM  35    1983  53     -7       64
  AVERAGE         53                        64    -11       74

PRECIPITATION (IN)
  YESTERDAY        0.00          1.75 1914   0.17  -0.17     0.00
  MONTH TO DATE    3.71                      3.21   0.50     2.11
  SINCE MAR 1      9.73                      7.76   1.97     3.97
  SINCE JAN 1     22.72                     17.75   4.97    12.00

SNOWFALL (IN)
  YESTERDAY        0.0

DEGREE DAYS
 HEATING
  YESTERDAY       12                         3      9        0
  MONTH TO DATE  165                        96     69       26
  SINCE MAR 1    433                       432      1      263
  SINCE JUL 1   2646                      2741    -95     1796

 COOLING
  YESTERDAY        0                         2     -2        9
  MONTH TO DATE   12                        29    -17       69
  SINCE MAR 1     33                        46    -13      114
  SINCE JAN 1     55                        51      4      143
..................................................................


WIND (MPH)
  HIGHEST WIND SPEED    23   HIGHEST WIND DIRECTION     N (20)
  HIGHEST GUST SPEED    30   HIGHEST GUST DIRECTION     N (360)
  AVERAGE WIND SPEED    13.7


SKY COVER
  POSSIBLE SUNSHINE  MM
  AVERAGE SKY COVER 0.0


WEATHER CONDITIONS
 THE FOLLOWING WEATHER WAS RECORDED YESTERDAY.
  NO SIGNIFICANT WEATHER WAS OBSERVED.


RELATIVE HUMIDITY (PERCENT)
 HIGHEST    61           500 AM
 LOWEST     33           200 PM
 AVERAGE    47

..........................................................


THE GREENVILLE CLIMATE NORMALS FOR TODAY
                         NORMAL    RECORD    YEAR
 MAXIMUM TEMPERATURE (F)   76        95      1987
 MINIMUM TEMPERATURE (F)   54        37      1939
                                             1926


SUNRISE AND SUNSET
APRIL 20 2018.........SUNRISE   628 AM CDT   SUNSET   739 PM CDT
APRIL 21 2018.........SUNRISE   626 AM CDT   SUNSET   739 PM CDT


-  INDICATES NEGATIVE NUMBERS.
R  INDICATES RECORD WAS SET OR TIED.
MM INDICATES DATA IS MISSING.
T  INDICATES TRACE AMOUNT.




$$
