000
CDUS42 KJAX 242129
CLIGNV


CLIMATE REPORT
NATIONAL WEATHER SERVICE JACKSONVILLE FL
529 PM EDT TUE APR 24 2018


...................................

...THE GAINESVILLE CLIMATE SUMMARY FOR APRIL 24 2018...
VALID TODAY AS OF 0500 PM LOCAL TIME.

CLIMATE NORMAL PERIOD 1981 TO 2010
CLIMATE RECORD PERIOD 1890 TO 2018


WEATHER ITEM   OBSERVED TIME   RECORD YEAR NORMAL DEPARTURE LAST
                VALUE   (LST)  VALUE       VALUE  FROM      YEAR
                                                  NORMAL
..................................................................
TEMPERATURE (F)
 TODAY
  MAXIMUM         80    222 PM  94    1999  82     -2       76
  MINIMUM         62    631 AM  39    1993  57      5       54
  AVERAGE         71                        69      2       65

PRECIPITATION (IN)
  TODAY            0.00          2.82 1945   0.08  -0.08     0.00
  MONTH TO DATE    7.49                      2.22   5.27     2.74
  SINCE MAR 1      9.90                      6.55   3.35     3.41
  SINCE JAN 1     15.80                     13.06   2.74     5.25

SNOWFALL (IN)
  TODAY            0.0           0.0    MM   0.0    0.0      0.0
  MONTH TO DATE    0.0                       0.0    0.0      0.0
  SINCE MAR 1      0.0                       0.0    0.0      0.0
  SINCE JUL 1      0.0                       0.0    0.0      0.0
  SNOW DEPTH       0

DEGREE DAYS
 HEATING
  TODAY            0                         1     -1        0
  MONTH TO DATE   17                        39    -22       18
  SINCE MAR 1    201                       176     25      143
  SINCE JUL 1   1104                      1210   -106      646

 COOLING
  TODAY            6                         5      1        0
  MONTH TO DATE  114                        87     27      116
  SINCE MAR 1    165                       141     24      189
  SINCE JAN 1    293                       173    120      273
..................................................................


WIND (MPH)
  HIGHEST WIND SPEED    21   HIGHEST WIND DIRECTION     W (250)
  HIGHEST GUST SPEED    28   HIGHEST GUST DIRECTION     W (250)
  AVERAGE WIND SPEED     9.7


SKY COVER
  POSSIBLE SUNSHINE  MM
  AVERAGE SKY COVER 0.4


WEATHER CONDITIONS
 THE FOLLOWING WEATHER WAS RECORDED TODAY.
  NO SIGNIFICANT WEATHER WAS OBSERVED.


RELATIVE HUMIDITY (PERCENT)
 HIGHEST    93           300 AM
 LOWEST     42           200 PM
 AVERAGE    68

..........................................................


THE GAINESVILLE CLIMATE NORMALS FOR TOMORROW
                         NORMAL    RECORD    YEAR
 MAXIMUM TEMPERATURE (F)   82        93      1896
 MINIMUM TEMPERATURE (F)   57        39      2005


SUNRISE AND SUNSET
APRIL 24 2018.........SUNRISE   653 AM EDT   SUNSET   802 PM EDT
APRIL 25 2018.........SUNRISE   652 AM EDT   SUNSET   802 PM EDT


-  INDICATES NEGATIVE NUMBERS.
R  INDICATES RECORD WAS SET OR TIED.
MM INDICATES DATA IS MISSING.
T  INDICATES TRACE AMOUNT.




$$
