000
CDUS43 KGID 210625
CLIGRI


CLIMATE REPORT
NATIONAL WEATHER SERVICE HASTINGS NE
124 AM CDT SAT APR 21 2018


...................................

...THE GRAND ISLAND NE CLIMATE SUMMARY FOR APRIL 20 2018...

CLIMATE NORMAL PERIOD 1981 TO 2010
CLIMATE RECORD PERIOD 1895 TO 2018


WEATHER ITEM   OBSERVED TIME   RECORD YEAR NORMAL DEPARTURE LAST
                VALUE   (LST)  VALUE       VALUE  FROM      YEAR
                                                  NORMAL
..................................................................
TEMPERATURE (F)
 YESTERDAY
  MAXIMUM         59    121 PM  98    1902  65     -6       69
  MINIMUM         37    637 AM  21    1953  40     -3       42
  AVERAGE         48                        52     -4       56

PRECIPITATION (IN)
  YESTERDAY        0.13          1.40 1951   0.10   0.03     0.00
  MONTH TO DATE    0.88                      1.53  -0.65     0.13
  SINCE MAR 1      2.14                      3.33  -1.19     0.94
  SINCE JAN 1      3.97                      4.54  -0.57     2.26

SNOWFALL (IN)
  YESTERDAY        0.0           1.0  1941   0.0    0.0      0.0
  MONTH TO DATE    4.1                       1.3    2.8      0.0
  SINCE MAR 1      4.5                       6.7   -2.2      1.2
  SINCE JUL 1     33.6                      28.8    4.8      8.9
  SNOW DEPTH       0

DEGREE DAYS
 HEATING
  YESTERDAY       17                        13      4        9
  MONTH TO DATE  548                       330    218      223
  SINCE MAR 1   1308                      1126    182      920
  SINCE JUL 1   6083                      5887    196     4986

 COOLING
  YESTERDAY        0                         1     -1        0
  MONTH TO DATE    0                         1     -1        5
  SINCE MAR 1      0                         1     -1        5
  SINCE JAN 1      0                         1     -1        5
..................................................................


WIND (MPH)
  HIGHEST WIND SPEED    22   HIGHEST WIND DIRECTION    SE (120)
  HIGHEST GUST SPEED    33   HIGHEST GUST DIRECTION    SE (130)
  AVERAGE WIND SPEED    10.9


SKY COVER
  AVERAGE SKY COVER 0.3


WEATHER CONDITIONS
 THE FOLLOWING WEATHER WAS RECORDED YESTERDAY.
  RAIN
  LIGHT RAIN
  FOG


RELATIVE HUMIDITY (PERCENT)
 HIGHEST    70           500 AM
 LOWEST     36           400 PM
 AVERAGE    53

..........................................................


THE GRAND ISLAND NE CLIMATE NORMALS FOR TODAY
                         NORMAL    RECORD    YEAR
 MAXIMUM TEMPERATURE (F)   65        93      1989
 MINIMUM TEMPERATURE (F)   40        22      1982
                                             1899


SUNRISE AND SUNSET
APRIL 21 2018.........SUNRISE   645 AM CDT   SUNSET   819 PM CDT
APRIL 22 2018.........SUNRISE   644 AM CDT   SUNSET   821 PM CDT


-  INDICATES NEGATIVE NUMBERS.
R  INDICATES RECORD WAS SET OR TIED.
MM INDICATES DATA IS MISSING.
T  INDICATES TRACE AMOUNT.




$$
