000
CDUS42 KRAH 210707
CLIGSO


CLIMATE REPORT
NATIONAL WEATHER SERVICE RALEIGH NC
305 AM EDT SAT APR 21 2018


...................................

...THE PIEDMONT TRIAD INTL AIRPORT NC CLIMATE SUMMARY FOR APRIL 20 2018...

CLIMATE NORMAL PERIOD 1981 TO 2010
CLIMATE RECORD PERIOD 1903 TO 2018


WEATHER ITEM   OBSERVED TIME   RECORD YEAR NORMAL DEPARTURE LAST
                VALUE   (LST)  VALUE       VALUE  FROM      YEAR
                                                  NORMAL
..................................................................
TEMPERATURE (F)
 YESTERDAY
  MAXIMUM         66    528 PM  94    1917  72     -6       82
  MINIMUM         35    342 AM  28    1983  49    -14       54
  AVERAGE         51                        60     -9       68

PRECIPITATION (IN)
  YESTERDAY        0.00          1.38 1918   0.13  -0.13      T
  MONTH TO DATE    2.10                      2.41  -0.31     0.97
  SINCE MAR 1      6.42                      6.14   0.28     3.53
  SINCE JAN 1     12.63                     12.16   0.47     9.14

SNOWFALL (IN)
  YESTERDAY        0.0           T    2008   0.0    0.0      0.0
  MONTH TO DATE    T                         0.1   -0.1      0.0
  SINCE MAR 1      5.0                       0.9    4.1       T
  SINCE JUL 1     14.7                       7.6    7.1      8.0
  SNOW DEPTH       0

DEGREE DAYS
 HEATING
  YESTERDAY       14                         6      8        0
  MONTH TO DATE  189                       169     20       79
  SINCE MAR 1    794                       639    155      515
  SINCE JUL 1   3493                      3494     -1     2685

 COOLING
  YESTERDAY        0                         1     -1        3
  MONTH TO DATE   11                        19     -8       37
  SINCE MAR 1     13                        24    -11       45
  SINCE JAN 1     21                        24     -3       49
..................................................................


WIND (MPH)
  HIGHEST WIND SPEED    13   HIGHEST WIND DIRECTION    NW (320)
  HIGHEST GUST SPEED    19   HIGHEST GUST DIRECTION     N (10)
  AVERAGE WIND SPEED     4.3


SKY COVER
  POSSIBLE SUNSHINE  MM
  AVERAGE SKY COVER 0.1


WEATHER CONDITIONS
 THE FOLLOWING WEATHER WAS RECORDED YESTERDAY.
  NO SIGNIFICANT WEATHER WAS OBSERVED.


RELATIVE HUMIDITY (PERCENT)
 HIGHEST    70           400 AM
 LOWEST     18           500 PM
 AVERAGE    44

..........................................................


THE PIEDMONT TRIAD INTL AIRPORT NC CLIMATE NORMALS FOR TODAY
                         NORMAL    RECORD    YEAR
 MAXIMUM TEMPERATURE (F)   72        93      1917
 MINIMUM TEMPERATURE (F)   49        27      1956


SUNRISE AND SUNSET
APRIL 21 2018.........SUNRISE   639 AM EDT   SUNSET   759 PM EDT
APRIL 22 2018.........SUNRISE   638 AM EDT   SUNSET   759 PM EDT


-  INDICATES NEGATIVE NUMBERS.
R  INDICATES RECORD WAS SET OR TIED.
MM INDICATES DATA IS MISSING.
T  INDICATES TRACE AMOUNT.

$$
