000
CDUS42 KFFC 260820
CLIGVL


CLIMATE REPORT
NATIONAL WEATHER SERVICE PEACHTREE CITY GA
419 AM EDT SAT MAY 26 2018


...................................

...THE GAINESVILLE   CLIMATE SUMMARY FOR MAY 25 2018...

CLIMATE NORMAL PERIOD 1981 TO 2010
CLIMATE RECORD PERIOD 9999 TO 9999


WEATHER ITEM   OBSERVED TIME   RECORD YEAR NORMAL DEPARTURE LAST
                VALUE   (LST)  VALUE       VALUE  FROM      YEAR
                                                  NORMAL
..................................................................
TEMPERATURE (F)
 YESTERDAY
  MAXIMUM         82    233 PM  MM      MM  80      2       70
  MINIMUM         68    552 AM  MM      MM  61      7       55
  AVERAGE         75                        71      4       63

PRECIPITATION (IN)
  YESTERDAY        0.00         MM      MM   0.14  -0.14     0.01
  MONTH TO DATE    5.66                      3.19   2.47     8.09
  SINCE MAR 1     14.88                     12.17   2.71    17.31
  SINCE JAN 1     23.76                     22.07   1.69    25.06

DEGREE DAYS
 COOLING
  YESTERDAY       10                         6      4        0
  MONTH TO DATE  193                        94     99      120
  SINCE MAR 1    206                       133     73      235
  SINCE JAN 1    221                       133     88      235
..................................................................


WIND (MPH)
  RESULTANT WIND SPEED   6   RESULTANT WIND DIRECTION   E (100)
  HIGHEST WIND SPEED    13   HIGHEST WIND DIRECTION    SE (120)
  HIGHEST GUST SPEED    16   HIGHEST GUST DIRECTION     E (90)
  AVERAGE WIND SPEED     6.6


SKY COVER
  AVERAGE SKY COVER 0.8


WEATHER CONDITIONS
 THE FOLLOWING WEATHER WAS RECORDED YESTERDAY.
  NO SIGNIFICANT WEATHER WAS OBSERVED.


RELATIVE HUMIDITY (PERCENT)
 HIGHEST   100          1200 AM
 LOWEST     69           200 PM
 AVERAGE    85

..........................................................


THE GAINESVILLE   CLIMATE NORMALS FOR TODAY
                         NORMAL    RECORD    YEAR
 MAXIMUM TEMPERATURE (F)   80        MM        MM
 MINIMUM TEMPERATURE (F)   61        MM        MM


SUNRISE AND SUNSET
MAY 26 2018...........SUNRISE   627 AM EDT   SUNSET   838 PM EDT
MAY 27 2018...........SUNRISE   626 AM EDT   SUNSET   839 PM EDT


-  INDICATES NEGATIVE NUMBERS.
R  INDICATES RECORD WAS SET OR TIED.
MM INDICATES DATA IS MISSING.
T  INDICATES TRACE AMOUNT.




$$
