000
CDUS44 KJAN 200848
CLIGWO


CLIMATE REPORT
NATIONAL WEATHER SERVICE JACKSON MS
346 AM CDT SUN MAY 20 2018


...................................

...THE GREENWOOD CLIMATE SUMMARY FOR MAY 19 2018...

CLIMATE NORMAL PERIOD 1981 TO 2010
CLIMATE RECORD PERIOD 1948 TO 2018


WEATHER ITEM   OBSERVED TIME   RECORD YEAR NORMAL DEPARTURE LAST
                VALUE   (LST)  VALUE       VALUE  FROM      YEAR
                                                  NORMAL
..................................................................
TEMPERATURE (F)
 YESTERDAY
  MAXIMUM         91    408 PM  95    1962  84      7       90
  MINIMUM         70   1234 AM  41    2002  62      8       73
  AVERAGE         81                        73      8       82

PRECIPITATION (IN)
  YESTERDAY        0.00          2.02 1978   0.15  -0.15     0.02
  MONTH TO DATE    2.37                      3.17  -0.80     1.63
  SINCE MAR 1     13.71                     12.61   1.10    11.56
  SINCE JAN 1     30.31                     21.55   8.76    19.84

SNOWFALL (IN)
  YESTERDAY        0.0

DEGREE DAYS
 HEATING
  YESTERDAY        0                         0      0        0
  MONTH TO DATE    0                        15    -15       20
  SINCE MAR 1    447                       455     -8      295
  SINCE JUL 1   2501                      2686   -185     1778

 COOLING
  YESTERDAY       16                         8      8       17
  MONTH TO DATE  207                       114     93      116
  SINCE MAR 1    253                       211     42      316
  SINCE JAN 1    292                       216     76      350
..................................................................


WIND (MPH)
  HIGHEST WIND SPEED    12   HIGHEST WIND DIRECTION     S (200)
  HIGHEST GUST SPEED    17   HIGHEST GUST DIRECTION    SW (210)
  AVERAGE WIND SPEED     5.6


SKY COVER
  POSSIBLE SUNSHINE  MM
  AVERAGE SKY COVER 0.1


WEATHER CONDITIONS
 THE FOLLOWING WEATHER WAS RECORDED YESTERDAY.
  NO SIGNIFICANT WEATHER WAS OBSERVED.


RELATIVE HUMIDITY (PERCENT)
 HIGHEST    90           100 AM
 LOWEST     44           500 PM
 AVERAGE    67

..........................................................


THE GREENWOOD CLIMATE NORMALS FOR TODAY
                         NORMAL    RECORD    YEAR
 MAXIMUM TEMPERATURE (F)   84        93      1962
 MINIMUM TEMPERATURE (F)   62        44      2002


SUNRISE AND SUNSET
MAY 20 2018...........SUNRISE   557 AM CDT   SUNSET   757 PM CDT
MAY 21 2018...........SUNRISE   556 AM CDT   SUNSET   758 PM CDT


-  INDICATES NEGATIVE NUMBERS.
R  INDICATES RECORD WAS SET OR TIED.
MM INDICATES DATA IS MISSING.
T  INDICATES TRACE AMOUNT.




$$
