000
CDUS44 KJAN 250910
CLIHBG


CLIMATE REPORT
NATIONAL WEATHER SERVICE JACKSON MS
408 AM CDT WED APR 25 2018


...................................

...THE HATTIESBURG CLIMATE SUMMARY FOR APRIL 24 2018...

CLIMATE NORMAL PERIOD 1981 TO 2010
CLIMATE RECORD PERIOD 1948 TO 2018


WEATHER ITEM   OBSERVED TIME   RECORD YEAR NORMAL DEPARTURE LAST
                VALUE   (LST)  VALUE       VALUE  FROM      YEAR
                                                  NORMAL
..................................................................
TEMPERATURE (F)
 YESTERDAY
  MAXIMUM         75    146 PM  90    1958  80     -5       76
                                      1955
  MINIMUM         52    509 AM  39    2012  55     -3       51
  AVERAGE         64                        68     -4       64

PRECIPITATION (IN)
  YESTERDAY        0.00          2.15 1979   0.16  -0.16     0.00
  MONTH TO DATE    6.15                      4.15   2.00     4.28
  SINCE MAR 1     10.66                      9.65   1.01     7.42
  SINCE JAN 1     23.09                     20.78   2.31    19.02

SNOWFALL (IN)
  YESTERDAY        0.0

DEGREE DAYS
 HEATING
  YESTERDAY        1                         1      0        1
  MONTH TO DATE  101                        77     24       33
  SINCE MAR 1    309                       294     15      176
  SINCE JUL 1   1884                      1972    -88     1143

 COOLING
  YESTERDAY        0                         4     -4        0
  MONTH TO DATE   25                        65    -40       95
  SINCE MAR 1     72                        98    -26      183
  SINCE JAN 1    154                       113     41      252
..................................................................


WIND (MPH)
  HIGHEST WIND SPEED    16   HIGHEST WIND DIRECTION     N (350)
  HIGHEST GUST SPEED    22   HIGHEST GUST DIRECTION    NW (300)
  AVERAGE WIND SPEED     5.4


SKY COVER
  POSSIBLE SUNSHINE  MM
  AVERAGE SKY COVER 0.3


WEATHER CONDITIONS
 THE FOLLOWING WEATHER WAS RECORDED YESTERDAY.
  NO SIGNIFICANT WEATHER WAS OBSERVED.


RELATIVE HUMIDITY (PERCENT)
 HIGHEST   100           100 AM
 LOWEST     53           100 PM
 AVERAGE    77

..........................................................


THE HATTIESBURG CLIMATE NORMALS FOR TODAY
                         NORMAL    RECORD    YEAR
 MAXIMUM TEMPERATURE (F)   80        92      1999
 MINIMUM TEMPERATURE (F)   55        40      1969


SUNRISE AND SUNSET
APRIL 25 2018.........SUNRISE   618 AM CDT   SUNSET   732 PM CDT
APRIL 26 2018.........SUNRISE   617 AM CDT   SUNSET   733 PM CDT


-  INDICATES NEGATIVE NUMBERS.
R  INDICATES RECORD WAS SET OR TIED.
MM INDICATES DATA IS MISSING.
T  INDICATES TRACE AMOUNT.




$$
