000
CDUS42 KILM 232046
CLIILM


CLIMATE REPORT
NATIONAL WEATHER SERVICE WILMINGTON NC
446 PM EDT MON APR 23 2018


...................................

...THE WILMINGTON NORTH CAROLINA CLIMATE SUMMARY FOR APRIL 23 2018...
VALID TODAY AS OF 0400 PM LOCAL TIME.

CLIMATE NORMAL PERIOD 1981 TO 2010
CLIMATE RECORD PERIOD 1871 TO 2018


WEATHER ITEM   OBSERVED TIME   RECORD YEAR NORMAL DEPARTURE LAST
                VALUE   (LST)  VALUE       VALUE  FROM      YEAR
                                                  NORMAL
..................................................................
TEMPERATURE (F)
 TODAY
  MAXIMUM         67   1247 PM  93    1980  76     -9       71
  MINIMUM         58    209 AM  37    1986  54      4       59
  AVERAGE         63                        65     -2       65

PRECIPITATION (IN)
  TODAY            T             3.24 1928   0.10  -0.10     0.50
  MONTH TO DATE    2.64                      2.16   0.48     3.33
  SINCE MAR 1      5.89                      6.37  -0.48     6.04
  SINCE JAN 1     14.54                     13.75   0.79    11.59

SNOWFALL (IN)
  TODAY            0.0          MM      MM   0.0    0.0      0.0
  MONTH TO DATE    0.0                       0.0    0.0      0.0
  SINCE MAR 1      0.0                       0.2   -0.2      1.1
  SINCE JUL 1      3.8                       1.7    2.1      1.1
  SNOW DEPTH       0

DEGREE DAYS
 HEATING
  TODAY            2                         3     -1        0
  MONTH TO DATE  154                       113     41       44
  SINCE MAR 1    581                       436    145      417
  SINCE JUL 1   2383                      2365     18     1932

 COOLING
  TODAY            0                         3     -3        0
  MONTH TO DATE   26                        44    -18       81
  SINCE MAR 1     34                        60    -26      105
  SINCE JAN 1     72                        65      7      111
..................................................................


WIND (MPH)
  RESULTANT WIND SPEED   9   RESULTANT WIND DIRECTION   E (90)
  HIGHEST WIND SPEED    20   HIGHEST WIND DIRECTION     E (100)
  HIGHEST GUST SPEED    29   HIGHEST GUST DIRECTION    SE (120)
  AVERAGE WIND SPEED     9.8


SKY COVER
  POSSIBLE SUNSHINE  MM
  AVERAGE SKY COVER 0.5


WEATHER CONDITIONS
 THE FOLLOWING WEATHER WAS RECORDED TODAY.
  LIGHT RAIN


RELATIVE HUMIDITY (PERCENT)
 HIGHEST    80           100 AM
 LOWEST     60           300 AM
 AVERAGE    70

..........................................................


THE WILMINGTON NORTH CAROLINA CLIMATE NORMALS FOR TOMORROW
                         NORMAL    RECORD    YEAR
 MAXIMUM TEMPERATURE (F)   76        93      1980
                                             1925
 MINIMUM TEMPERATURE (F)   54        37      1982


SUNRISE AND SUNSET
APRIL 23 2018.........SUNRISE   631 AM EDT   SUNSET   750 PM EDT
APRIL 24 2018.........SUNRISE   630 AM EDT   SUNSET   750 PM EDT


-  INDICATES NEGATIVE NUMBERS.
R  INDICATES RECORD WAS SET OR TIED.
MM INDICATES DATA IS MISSING.
T  INDICATES TRACE AMOUNT.




$$
