000
CDUS43 KILX 240633
CLIILX


CLIMATE REPORT
NATIONAL WEATHER SERVICE LINCOLN IL
132 AM CDT TUE APR 24 2018


...................................

...THE LINCOLN IL CLIMATE SUMMARY FOR APRIL 23 2018...

CLIMATE NORMAL PERIOD 1981 TO 2010
CLIMATE RECORD PERIOD 1905 TO 2018


WEATHER ITEM   OBSERVED TIME   RECORD YEAR NORMAL DEPARTURE LAST
                VALUE   (LST)  VALUE       VALUE  FROM      YEAR
                                                  NORMAL
..................................................................
TEMPERATURE (F)
 YESTERDAY
  MAXIMUM         66        MM  89    1925  67     -1       73
  MINIMUM         45        MM  22    1909  44      1       35
  AVERAGE         56                        55      1       54

PRECIPITATION (IN)
  YESTERDAY        0.14          1.04 1944   0.13   0.01     0.00
  MONTH TO DATE    2.51                      2.70  -0.19     2.73
  SINCE MAR 1      6.78                      5.30   1.48     6.72
  SINCE JAN 1     12.30                      9.05   3.25     9.37

SNOWFALL (IN)
  YESTERDAY        0.0           0.2  1910   0.0    0.0      0.0
  MONTH TO DATE    7.1                       0.3    6.8      0.0
  SINCE MAR 1      7.4                       2.0    5.4      3.7
  SINCE JUL 1     17.3                      20.5   -3.2     10.9
  SNOW DEPTH       0

DEGREE DAYS
 HEATING
  YESTERDAY        9                        10     -1       11
  MONTH TO DATE  536                       328    208      199
  SINCE MAR 1   1363                      1069    294      896
  SINCE JUL 1   5763                      5492    271     4504

 COOLING
  YESTERDAY        0                         1     -1        0
  MONTH TO DATE    4                         6     -2       14
  SINCE MAR 1      4                         8     -4       14
  SINCE JAN 1      4                         8     -4       14
..................................................................


WIND (MPH)
  HIGHEST WIND SPEED    MM   HIGHEST WIND DIRECTION    MM
  HIGHEST GUST SPEED    MM   HIGHEST GUST DIRECTION    MM
  AVERAGE WIND SPEED    MM


SKY COVER
  POSSIBLE SUNSHINE  MM


WEATHER CONDITIONS
 THE FOLLOWING WEATHER WAS RECORDED YESTERDAY.
  LIGHT RAIN


..........................................................


THE LINCOLN IL CLIMATE NORMALS FOR TODAY
                         NORMAL    RECORD    YEAR
 MAXIMUM TEMPERATURE (F)   67        89      1925
 MINIMUM TEMPERATURE (F)   44        18      1910


SUNRISE AND SUNSET
APRIL 24 2018.........SUNRISE   606 AM CDT   SUNSET   745 PM CDT
APRIL 25 2018.........SUNRISE   605 AM CDT   SUNSET   746 PM CDT


-  INDICATES NEGATIVE NUMBERS.
R  INDICATES RECORD WAS SET OR TIED.
MM INDICATES DATA IS MISSING.
T  INDICATES TRACE AMOUNT.




$$
