000
CDUS43 KIND 260534
CLIIND


CLIMATE REPORT
NATIONAL WEATHER SERVICE INDIANAPOLIS IN
133 AM EDT THU APR 26 2018


...................................

...THE INDIANAPOLIS IN CLIMATE SUMMARY FOR APRIL 25 2018...

CLIMATE NORMAL PERIOD 1981 TO 2010
CLIMATE RECORD PERIOD 1871 TO 2018


WEATHER ITEM   OBSERVED TIME   RECORD YEAR NORMAL DEPARTURE LAST
                VALUE   (LST)  VALUE       VALUE  FROM      YEAR
                                                  NORMAL
..................................................................
TEMPERATURE (F)
 YESTERDAY
  MAXIMUM         65    420 PM  87    1915  67     -2       76
  MINIMUM         45   1159 PM  27    1919  46     -1       53
  AVERAGE         55                        56     -1       65

PRECIPITATION (IN)
  YESTERDAY        0.00          2.56 1961   0.14  -0.14     0.00
  MONTH TO DATE    5.41                      3.13   2.28     1.47
  SINCE MAR 1      9.48                      6.69   2.79     6.19
  SINCE JAN 1     16.13                     11.67   4.46    11.64

SNOWFALL (IN)
  YESTERDAY        0.0           0.0    MM   0.0    0.0      0.0
  MONTH TO DATE    2.6                       0.2    2.4      0.0
  SINCE MAR 1     14.2                       2.8   11.4      1.0
  SINCE JUL 1     23.2                      25.9   -2.7      9.7
  SNOW DEPTH       0

DEGREE DAYS
 HEATING
  YESTERDAY       10                         9      1        0
  MONTH TO DATE  469                       328    141      172
  SINCE MAR 1   1270                      1035    235      823
  SINCE JUL 1   5237                      5178     59     4107

 COOLING
  YESTERDAY        0                         1     -1        0
  MONTH TO DATE    6                         8     -2       22
  SINCE MAR 1      6                        10     -4       24
  SINCE JAN 1     11                        10      1       24
..................................................................


WIND (MPH)
  HIGHEST WIND SPEED    17   HIGHEST WIND DIRECTION    NW (330)
  HIGHEST GUST SPEED    25   HIGHEST GUST DIRECTION     N (340)
  AVERAGE WIND SPEED    10.5


SKY COVER
  AVERAGE SKY COVER 0.7


WEATHER CONDITIONS
 THE FOLLOWING WEATHER WAS RECORDED YESTERDAY.
  FOG


RELATIVE HUMIDITY (PERCENT)
 HIGHEST   100           300 AM
 LOWEST     38           800 PM
 AVERAGE    69

..........................................................


THE INDIANAPOLIS IN CLIMATE NORMALS FOR TODAY
                         NORMAL    RECORD    YEAR
 MAXIMUM TEMPERATURE (F)   67        87      1915
 MINIMUM TEMPERATURE (F)   46        31      1976


SUNRISE AND SUNSET
APRIL 26 2018.........SUNRISE   652 AM EDT   SUNSET   834 PM EDT
APRIL 27 2018.........SUNRISE   651 AM EDT   SUNSET   835 PM EDT


-  INDICATES NEGATIVE NUMBERS.
R  INDICATES RECORD WAS SET OR TIED.
MM INDICATES DATA IS MISSING.
T  INDICATES TRACE AMOUNT.




$$
