000
CDUS43 KDLH 232222
CLIINL


CLIMATE REPORT
NATIONAL WEATHER SERVICE DULUTH MN
521 PM CDT MON APR 23 2018


...................................

...THE INTERNATIONAL FALLS CLIMATE SUMMARY FOR APRIL 23 2018...
VALID TODAY AS OF 0500 PM LOCAL TIME.

CLIMATE NORMAL PERIOD 1981 TO 2010
CLIMATE RECORD PERIOD 1895 TO 2018


WEATHER ITEM   OBSERVED TIME   RECORD YEAR NORMAL DEPARTURE LAST
                VALUE   (LST)  VALUE       VALUE  FROM      YEAR
                                                  NORMAL
..................................................................
TEMPERATURE (F)
 TODAY
  MAXIMUM         65    154 PM  81    1990  56      9       38
  MINIMUM         43    533 AM   6    1909  30     13       28
  AVERAGE         54                        43     11       33

PRECIPITATION (IN)
  TODAY            0.00          1.01 1985   0.05  -0.05     0.00
  MONTH TO DATE    0.28                      1.08  -0.80     0.62
  SINCE MAR 1      0.63                      2.03  -1.40     1.30
  SINCE JAN 1      2.32                      3.22  -0.90     4.05

SNOWFALL (IN)
  TODAY            0.0           6.5         0.1   -0.1      0.0
  MONTH TO DATE    3.4                       5.5   -2.1       T
  SINCE JUL 1     62.2                      69.9   -7.7     67.8
  SNOW DEPTH       T

DEGREE DAYS
 HEATING
  TODAY           11                        22    -11       32
  MONTH TO DATE  868                       629    239      527
  SINCE MAR 1   2139                      1912    227     1784
  SINCE JUL 1   9919                      9495    424     8258

 COOLING
  TODAY            0                         0      0        0
  MONTH TO DATE    0                         0      0        0
  SINCE MAR 1      0                         0      0        0
  SINCE JAN 1      0                         0      0        0
..................................................................


WIND (MPH)
  HIGHEST WIND SPEED    20   HIGHEST WIND DIRECTION    NW (310)
  HIGHEST GUST SPEED    26   HIGHEST GUST DIRECTION    NW (320)


SKY COVER
  AVERAGE SKY COVER 0.4


WEATHER CONDITIONS
 THE FOLLOWING WEATHER WAS RECORDED TODAY.
  NO SIGNIFICANT WEATHER WAS OBSERVED.


RELATIVE HUMIDITY (PERCENT)
 HIGHEST    70           300 AM
 LOWEST     30           100 PM
 AVERAGE    50

..........................................................


THE INTERNATIONAL FALLS CLIMATE NORMALS FOR TOMORROW
                         NORMAL    RECORD    YEAR
 MAXIMUM TEMPERATURE (F)   56        85      1990
 MINIMUM TEMPERATURE (F)   31        10      1909


SUNRISE AND SUNSET
APRIL 23 2018.........SUNRISE   608 AM CDT   SUNSET   817 PM CDT
APRIL 24 2018.........SUNRISE   606 AM CDT   SUNSET   818 PM CDT


-  INDICATES NEGATIVE NUMBERS.
R  INDICATES RECORD WAS SET OR TIED.
MM INDICATES DATA IS MISSING.
T  INDICATES TRACE AMOUNT.




$$
