000
CDUS45 KFGZ 230739
CLIINW


CLIMATE REPORT
NATIONAL WEATHER SERVICE FLAGSTAFF, AZ
1239 AM MST WED MAY 23 2018


...................................

...THE WINSLOW AZ AIRPORT CLIMATE SUMMARY FOR MAY 22 2018...

CLIMATE NORMAL PERIOD 1981 TO 2010
CLIMATE RECORD PERIOD 1915 TO 2018


WEATHER ITEM   OBSERVED TIME   RECORD YEAR NORMAL DEPARTURE LAST
                VALUE   (LST)  VALUE       VALUE  FROM      YEAR
                                                  NORMAL
..................................................................
TEMPERATURE (F)
 YESTERDAY
  MAXIMUM         83    341 PM  98    2005  84     -1       84
  MINIMUM         54   1109 PM  30    1975  47      7       45
                                      1927
  AVERAGE         69                        65      4       65

PRECIPITATION (IN)
  YESTERDAY        0.00          0.47 2009   0.01  -0.01     0.00
  MONTH TO DATE    T                         0.24  -0.24     0.40
  SINCE SEP 1      0.54                      4.50  -3.96     5.22
  SINCE JAN 1      0.31                      2.02  -1.71     2.14

DEGREE DAYS
 HEATING
  YESTERDAY        0                         2     -2        0
  MONTH TO DATE   58                        92    -34      130
  SINCE JUL 1   3853                      4471   -618     3629

 COOLING
  YESTERDAY        4                         3      1        0
  MONTH TO DATE   58                        33     25       18
  SINCE JAN 1     73                        37     36       18
..................................................................


WIND (MPH)
  HIGHEST WIND SPEED    28   HIGHEST WIND DIRECTION     S (190)
  HIGHEST GUST SPEED    40   HIGHEST GUST DIRECTION    SW (220)
  AVERAGE WIND SPEED    11.6


SKY COVER
  POSSIBLE SUNSHINE  MM
  AVERAGE SKY COVER 0.0


WEATHER CONDITIONS
 THE FOLLOWING WEATHER WAS RECORDED YESTERDAY.
  NO SIGNIFICANT WEATHER WAS OBSERVED.


RELATIVE HUMIDITY (PERCENT)
 HIGHEST    27           700 AM
 LOWEST     10           200 PM
 AVERAGE    19

..........................................................


THE WINSLOW AZ AIRPORT CLIMATE NORMALS FOR TODAY
                         NORMAL    RECORD    YEAR
 MAXIMUM TEMPERATURE (F)   84        99      2000
 MINIMUM TEMPERATURE (F)   47        28      1930


SUNRISE AND SUNSET
MAY 23 2018...........SUNRISE   514 AM MST   SUNSET   726 PM MST
MAY 24 2018...........SUNRISE   513 AM MST   SUNSET   726 PM MST


-  INDICATES NEGATIVE NUMBERS.
R  INDICATES RECORD WAS SET OR TIED.
MM INDICATES DATA IS MISSING.
T  INDICATES TRACE AMOUNT.




$$
