000
CDUS41 KCTP 190628
CLIIPT


CLIMATE REPORT
NATIONAL WEATHER SERVICE STATE COLLEGE PA
228 AM EDT THU APR 19 2018


...................................

...THE WILLIAMSPORT PA CLIMATE SUMMARY FOR APRIL 18 2018...

CLIMATE NORMAL PERIOD 1981 TO 2010
CLIMATE RECORD PERIOD 1895 TO 2018


WEATHER ITEM   OBSERVED TIME   RECORD YEAR NORMAL DEPARTURE LAST
                VALUE   (LST)  VALUE       VALUE  FROM      YEAR
                                                  NORMAL
..................................................................
TEMPERATURE (F)
 YESTERDAY
  MAXIMUM         50    449 PM  92    1976  62    -12       68
  MINIMUM         34   1222 AM  24    1948  40     -6       40
  AVERAGE         42                        51     -9       54

PRECIPITATION (IN)
  YESTERDAY        0.01          0.87 1910   0.10  -0.09     0.00
  MONTH TO DATE    3.19                      1.98   1.21     1.93
  SINCE MAR 1      5.32                      4.95   0.37     5.67
  SINCE JAN 1     13.11                      9.99   3.12    10.97

SNOWFALL (IN)
  YESTERDAY        0.0           0.5  1953   0.1   -0.1      0.0
  MONTH TO DATE    5.2                       1.0    4.2       T
  SINCE MAR 1      7.8                       7.9   -0.1     22.6
  SINCE JUL 1     26.8                      35.9   -9.1     41.1
  SNOW DEPTH       0

DEGREE DAYS
 HEATING
  YESTERDAY       23                        14      9       11
  MONTH TO DATE  394                       312     82      186
  SINCE MAR 1   1255                      1141    114     1044
  SINCE JUL 1   5305                      5608   -303     4680

 COOLING
  YESTERDAY        0                         0      0        0
  MONTH TO DATE    0                         0      0        5
  SINCE MAR 1      0                         0      0        5
  SINCE JAN 1      0                         0      0        5
..................................................................


WIND (MPH)
  HIGHEST WIND SPEED    17   HIGHEST WIND DIRECTION     W (290)
  HIGHEST GUST SPEED    24   HIGHEST GUST DIRECTION     W (280)
  AVERAGE WIND SPEED     8.4


SKY COVER
  POSSIBLE SUNSHINE  MM
  AVERAGE SKY COVER 0.8


WEATHER CONDITIONS
 THE FOLLOWING WEATHER WAS RECORDED YESTERDAY.
  LIGHT RAIN


RELATIVE HUMIDITY (PERCENT)
 HIGHEST    70           300 AM
 LOWEST     42           200 PM
 AVERAGE    56

..........................................................


THE WILLIAMSPORT PA CLIMATE NORMALS FOR TODAY
                         NORMAL    RECORD    YEAR
 MAXIMUM TEMPERATURE (F)   63        91      1976
 MINIMUM TEMPERATURE (F)   40        23      1926


SUNRISE AND SUNSET
APRIL 19 2018.........SUNRISE   622 AM EDT   SUNSET   752 PM EDT
APRIL 20 2018.........SUNRISE   621 AM EDT   SUNSET   753 PM EDT


-  INDICATES NEGATIVE NUMBERS.
R  INDICATES RECORD WAS SET OR TIED.
MM INDICATES DATA IS MISSING.
T  INDICATES TRACE AMOUNT.




$$
