000
CDUS43 KEAX 260633
CLIIRK


CLIMATE REPORT
NATIONAL WEATHER SERVICE KANSAS CITY/PLEASANT HILL MO
132 AM CDT SAT MAY 26 2018


...................................

...THE KIRKSVILLE MO CLIMATE SUMMARY FOR MAY 25 2018...

CLIMATE NORMAL PERIOD 1981 TO 2010
CLIMATE RECORD PERIOD 9999 TO 9999


WEATHER ITEM   OBSERVED TIME   NORMAL DEPARTURE LAST
                VALUE   (LST)  VALUE  FROM      YEAR
                                      NORMAL
......................................................
TEMPERATURE (F)
 YESTERDAY
  MAXIMUM         83    501 PM  75      8       72
  MINIMUM         65    524 AM  55     10       41
  AVERAGE         74            65      9       57

PRECIPITATION (IN)
  YESTERDAY        0.00          0.16  -0.16     0.00
  MONTH TO DATE    2.34          3.98  -1.64     1.68
  SINCE MAR 1      5.81         10.37  -4.56    11.45
  SINCE JAN 1      9.92         13.17  -3.25    13.31

DEGREE DAYS
 HEATING
  YESTERDAY        0             3     -3        8
  MONTH TO DATE    1           139   -138      152
  SINCE MAR 1   1393          1296     97     1080
  SINCE JUL 1   5712          5829   -117     4609

 COOLING
  YESTERDAY        9             3      6        0
  MONTH TO DATE   99            37     62       56
  SINCE MAR 1    107            44     63       80
  SINCE JAN 1    107            44     63       80
......................................................


WIND (MPH)
  HIGHEST WIND SPEED    14   HIGHEST WIND DIRECTION    SW (230)
  HIGHEST GUST SPEED    21   HIGHEST GUST DIRECTION    SW (220)
  AVERAGE WIND SPEED     6.1


SKY COVER
  AVERAGE SKY COVER 0.2


WEATHER CONDITIONS
 THE FOLLOWING WEATHER WAS RECORDED YESTERDAY.
  NO SIGNIFICANT WEATHER WAS OBSERVED.


RELATIVE HUMIDITY (PERCENT)
 HIGHEST    93           400 AM
 LOWEST     55           200 PM
 AVERAGE    74

..........................................................


THE KIRKSVILLE MO CLIMATE NORMALS FOR TODAY
                         NORMAL
 MAXIMUM TEMPERATURE (F)   76
 MINIMUM TEMPERATURE (F)   55


SUNRISE AND SUNSET
MAY 26 2018...........SUNRISE   546 AM CDT   SUNSET   829 PM CDT
MAY 27 2018...........SUNRISE   546 AM CDT   SUNSET   830 PM CDT


-  INDICATES NEGATIVE NUMBERS.
R  INDICATES RECORD WAS SET OR TIED.
MM INDICATES DATA IS MISSING.
T  INDICATES TRACE AMOUNT.




$$
