000
CDUS43 KBIS 210719
CLIISN


CLIMATE REPORT
NATIONAL WEATHER SERVICE BISMARCK ND
219 AM CDT SAT APR 21 2018


...................................

...THE WILLISTON ND CLIMATE SUMMARY FOR APRIL 20 2018...

CLIMATE NORMAL PERIOD 1981 TO 2010
CLIMATE RECORD PERIOD 1894 TO 2018


WEATHER ITEM   OBSERVED TIME   RECORD YEAR NORMAL DEPARTURE LAST
                VALUE   (LST)  VALUE       VALUE  FROM      YEAR
                                                  NORMAL
..................................................................
TEMPERATURE (F)
 YESTERDAY
  MAXIMUM         66    432 PM  92    1980  59      7       62
  MINIMUM         30    417 AM  11    1966  31     -1       40
  AVERAGE         48                        45      3       51

PRECIPITATION (IN)
  YESTERDAY        0.00          1.90 1967   0.03  -0.03     0.02
  MONTH TO DATE    0.17                      0.59  -0.42     0.38
  SINCE MAR 1      1.93                      1.30   0.63     1.23
  SINCE JAN 1      2.50                      2.28   0.22     2.37

DEGREE DAYS
 HEATING
  YESTERDAY       17                        20     -3       14
  MONTH TO DATE  734                       474    260      382
  SINCE MAR 1   1993                      1581    412     1422
  SINCE JUL 1   8847                      8349    498     7444

 COOLING
  YESTERDAY        0                         0      0        0
  MONTH TO DATE    0                         0      0        0
  SINCE MAR 1      0                         0      0        0
  SINCE JAN 1      0                         0      0        0
..................................................................


WIND (MPH)
  HIGHEST WIND SPEED    20   HIGHEST WIND DIRECTION    SE (150)
  HIGHEST GUST SPEED    26   HIGHEST GUST DIRECTION    SE (130)
  AVERAGE WIND SPEED     8.9


SKY COVER
  POSSIBLE SUNSHINE  MM
  AVERAGE SKY COVER 0.0


WEATHER CONDITIONS
 THE FOLLOWING WEATHER WAS RECORDED YESTERDAY.
  NO SIGNIFICANT WEATHER WAS OBSERVED.


RELATIVE HUMIDITY (PERCENT)
 HIGHEST    92           400 AM
 LOWEST     27           700 PM
 AVERAGE    60

..........................................................


THE WILLISTON ND CLIMATE NORMALS FOR TODAY
                         NORMAL    RECORD    YEAR
 MAXIMUM TEMPERATURE (F)   60        92      1980
 MINIMUM TEMPERATURE (F)   32        17      1909


SUNRISE AND SUNSET
APRIL 21 2018.........SUNRISE   653 AM CDT   SUNSET   854 PM CDT
APRIL 22 2018.........SUNRISE   652 AM CDT   SUNSET   855 PM CDT


-  INDICATES NEGATIVE NUMBERS.
R  INDICATES RECORD WAS SET OR TIED.
MM INDICATES DATA IS MISSING.
T  INDICATES TRACE AMOUNT.




$$
