000
CDUS43 KGLD 280037 RRA
CLIITR

CLIMATE REPORT
NATIONAL WEATHER SERVICE GOODLAND
635 PM MDT SUN MAY 27 2018
...................................

...THE BURLINGTON CO CLIMATE SUMMARY FOR MAY 27 2018...
VALID TODAY AS OF 0600 PM LOCAL TIME.

CLIMATE NORMAL PERIOD 1981 TO 2010
CLIMATE RECORD PERIOD 1896 TO 2018

WEATHER ITEM   OBSERVED TIME   RECORD YEAR NORMAL DEPARTURE LAST
                VALUE   (LST)  VALUE       VALUE  FROM      YEAR
                                                  NORMAL
..................................................................
TEMPERATURE (F)
 TODAY
  MAXIMUM         92    123 PM  96    2006  77     15       66
  MINIMUM         62    428 AM  30    1950  48     14       47
  AVERAGE         77                        63     14       57

PRECIPITATION (IN)
  TODAY            T                         0.09  -0.09     0.14
  MONTH TO DATE    0.67                      2.13  -1.46     4.68
  SINCE MAR 1      2.78                      4.48  -1.70    10.50
  SINCE JAN 1      4.34                      5.28  -0.94    11.06

..................................................................

THE BURLINGTON CO CLIMATE NORMALS FOR TOMORROW
                         NORMAL    RECORD    YEAR
 MAXIMUM TEMPERATURE (F)   77        99      1921
 MINIMUM TEMPERATURE (F)   49        32      1947

-  INDICATES NEGATIVE NUMBERS.
R  INDICATES RECORD WAS SET OR TIED.
MM INDICATES DATA IS MISSING.
T  INDICATES TRACE AMOUNT.

$$
