000
CDUS45 KGGW 210026
CLIJDN


CLIMATE REPORT
NATIONAL WEATHER SERVICE GLASGOW MT
626 PM MDT SUN MAY 20 2018


...................................

...THE JORDAN  ASOS MT CLIMATE SUMMARY FOR MAY 20 2018...
VALID TODAY AS OF 0500 PM LOCAL TIME.

CLIMATE NORMAL PERIOD 1981 TO 2010
CLIMATE RECORD PERIOD 9999 TO 9999


WEATHER ITEM   OBSERVED TIME   RECORD YEAR NORMAL DEPARTURE LAST
                VALUE   (LST)  VALUE       VALUE  FROM      YEAR
                                                  NORMAL
..................................................................
TEMPERATURE (F)
 TODAY
  MAXIMUM         71        MM  MM      MM  68      3       71
  MINIMUM         41    300 AM  MM      MM  40      1       36
  AVERAGE         56                        54      2       54

PRECIPITATION (IN)
  TODAY            0.00         MM      MM   0.07  -0.07     0.00
  MONTH TO DATE    1.15                      1.17  -0.02     0.22
  SINCE OCT 1      7.17                      4.79   2.38     5.65
  SINCE JAN 1      5.23                      3.25   1.98     2.44

SNOWFALL (IN)
  TODAY            0.0          MM      MM  MM     MM        0.0
  MONTH TO DATE    0.0                      MM     MM        0.0
  SINCE MAR 1      0.0                      MM     MM        0.0
  SINCE JUL 1      0.0                      MM     MM        0.0
  SNOW DEPTH       0

DEGREE DAYS
 HEATING
  TODAY            9                        11     -2       11
  MONTH TO DATE  166                       283   -117      222
  SINCE MAR 1   2177                      1899    278     1667
  SINCE JUL 1   8757                      8017    740     7413

 COOLING
  TODAY            0                         0      0        0
  MONTH TO DATE    4                         0      4       12
  SINCE MAR 1      4                         0      4       12
  SINCE JAN 1      4                         0      4       12
..................................................................


WIND (MPH)
  HIGHEST WIND SPEED    18   HIGHEST WIND DIRECTION    SE (150)
  HIGHEST GUST SPEED    29   HIGHEST GUST DIRECTION    SE (150)
  AVERAGE WIND SPEED    11.6


SKY COVER
  POSSIBLE SUNSHINE  MM
  AVERAGE SKY COVER 0.0


WEATHER CONDITIONS
 THE FOLLOWING WEATHER WAS RECORDED TODAY.
  NO SIGNIFICANT WEATHER WAS OBSERVED.


RELATIVE HUMIDITY (PERCENT)
 HIGHEST    83          1200 AM
 LOWEST     38           400 PM
 AVERAGE    61

..........................................................


THE JORDAN  ASOS MT CLIMATE NORMALS FOR TOMORROW
                         NORMAL    RECORD    YEAR
 MAXIMUM TEMPERATURE (F)   68        MM        MM
 MINIMUM TEMPERATURE (F)   41        MM        MM


SUNRISE AND SUNSET
MAY 20 2018...........SUNRISE   525 AM MDT   SUNSET   843 PM MDT
MAY 21 2018...........SUNRISE   524 AM MDT   SUNSET   845 PM MDT


-  INDICATES NEGATIVE NUMBERS.
R  INDICATES RECORD WAS SET OR TIED.
MM INDICATES DATA IS MISSING.
T  INDICATES TRACE AMOUNT.




$$
