000
CDUS43 KBIS 230728
CLIJMS


CLIMATE REPORT
NATIONAL WEATHER SERVICE BISMARCK ND
227 AM CDT WED MAY 23 2018


...................................

...THE JAMESTOWN ND CLIMATE SUMMARY FOR MAY 22 2018...

CLIMATE NORMAL PERIOD 1981 TO 2010
CLIMATE RECORD PERIOD 1891 TO 2018


WEATHER ITEM   OBSERVED TIME   RECORD YEAR NORMAL DEPARTURE LAST
                VALUE   (LST)  VALUE       VALUE  FROM      YEAR
                                                  NORMAL
..................................................................
TEMPERATURE (F)
 YESTERDAY
  MAXIMUM         83    450 PM  91    1980  70     13       60
                                      1966
  MINIMUM         50    512 AM  21    1963  45      5       38
  AVERAGE         67                        57     10       49

PRECIPITATION (IN)
  YESTERDAY        0.01          1.58 1903   0.09  -0.08     0.02
  MONTH TO DATE    2.02                      1.83   0.19     0.68
  SINCE MAR 1      3.00                      3.87  -0.87     2.16
  SINCE JAN 1      3.13                      4.72  -1.59     2.58

DEGREE DAYS
 HEATING
  YESTERDAY        0                         8     -8       16
  MONTH TO DATE  186                       260    -74      224
  SINCE MAR 1   2352                      2095    257     2029
  SINCE JUL 1   9063                      8854    209     8038

 COOLING
  YESTERDAY        2                         1      1        0
  MONTH TO DATE   10                        11     -1        0
  SINCE MAR 1     10                        13     -3        0
  SINCE JAN 1     10                        13     -3        0
..................................................................


WIND (MPH)
  HIGHEST WIND SPEED    16   HIGHEST WIND DIRECTION     S (170)
  HIGHEST GUST SPEED    20   HIGHEST GUST DIRECTION     S (190)
  AVERAGE WIND SPEED     8.1


SKY COVER
  POSSIBLE SUNSHINE  MM
  AVERAGE SKY COVER 0.1


WEATHER CONDITIONS
 THE FOLLOWING WEATHER WAS RECORDED YESTERDAY.
  LIGHT RAIN
  FOG


RELATIVE HUMIDITY (PERCENT)
 HIGHEST   100           100 AM
 LOWEST     40           500 PM
 AVERAGE    70

..........................................................


THE JAMESTOWN ND CLIMATE NORMALS FOR TODAY
                         NORMAL    RECORD    YEAR
 MAXIMUM TEMPERATURE (F)   70        93      1928
 MINIMUM TEMPERATURE (F)   45        25      1924


SUNRISE AND SUNSET
MAY 23 2018...........SUNRISE   551 AM CDT   SUNSET   913 PM CDT
MAY 24 2018...........SUNRISE   550 AM CDT   SUNSET   914 PM CDT


-  INDICATES NEGATIVE NUMBERS.
R  INDICATES RECORD WAS SET OR TIED.
MM INDICATES DATA IS MISSING.
T  INDICATES TRACE AMOUNT.




$$
