000
CDAK47 PAJK 201129
CLIJNU
CLIMATE REPORT
NATIONAL WEATHER SERVICE JUNEAU, AK
327 AM AKDT SUN MAY 20 2018


...................................

...THE JUNEAU CLIMATE SUMMARY FOR MAY 19 2018...

CLIMATE NORMAL PERIOD 1981 TO 2010
CLIMATE RECORD PERIOD 1936 TO 2018


WEATHER ITEM   OBSERVED RECORD YEAR NORMAL DEPARTURE LAST
                VALUE   VALUE       VALUE  FROM      YEAR
                                           NORMAL
...........................................................
TEMPERATURE (F)
 YESTERDAY
  MAXIMUM         66     74    1993  57      9       51
  MINIMUM         39     28    1965  42     -3       46
  AVERAGE         53                 49      4       49

PRECIPITATION (IN)
  YESTERDAY        0.00   1.14 1972   0.11  -0.11     0.38
  MONTH TO DATE    2.31               2.05   0.26     2.35
  SINCE JAN 1     16.04              18.25  -2.21    19.33

DEGREE DAYS
 HEATING
  YESTERDAY       12                 16     -4       16
  MONTH TO DATE  299                341    -42      329
...........................................................


WIND (MPH)
  HIGHEST WIND SPEED    13   HIGHEST WIND DIRECTION    SW (240)
  HIGHEST GUST SPEED    17   HIGHEST GUST DIRECTION    SW (220)
  AVERAGE WIND SPEED     6.0


SKY COVER
  AVERAGE SKY COVER 0.4


WEATHER CONDITIONS
 THE FOLLOWING WEATHER WAS RECORDED YESTERDAY.
  NO SIGNIFICANT WEATHER WAS OBSERVED.


..........................................................


THE JUNEAU CLIMATE NORMALS FOR TODAY
                         NORMAL    RECORD    YEAR
 MAXIMUM TEMPERATURE (F)   58        75      2002
 MINIMUM TEMPERATURE (F)   42        30      2013
                                             1965


SUNRISE AND SUNSET
MAY 20 2018...........SUNRISE   421 AM AKDT  SUNSET   930 PM AKDT
MAY 21 2018...........SUNRISE   419 AM AKDT  SUNSET   932 PM AKDT


-  INDICATES NEGATIVE NUMBERS.
R  INDICATES RECORD WAS SET OR TIED.
MM INDICATES DATA IS MISSING.
T  INDICATES TRACE AMOUNT.




$$
--------------------------------------------------------------

AMOUNT OF DAYLIGHT TODAY (HOUR:MIN)......... 17 HOURS 09 MINUTES
GAIN/LOSS SINCE YESTERDAY (HOUR:MIN:SEC).... +0:03:55

$$
