000
CDUS41 KCTP 260619
CLIJST


CLIMATE REPORT
NATIONAL WEATHER SERVICE STATE COLLEGE PA
219 AM EDT SAT MAY 26 2018


...................................

...THE JOHNSTOWN CLIMATE SUMMARY FOR MAY 25 2018...

CLIMATE NORMAL PERIOD 1981 TO 2010
CLIMATE RECORD PERIOD 1892 TO 2018


WEATHER ITEM   OBSERVED TIME   RECORD YEAR NORMAL DEPARTURE LAST
                VALUE   (LST)  VALUE       VALUE  FROM      YEAR
                                                  NORMAL
..................................................................
TEMPERATURE (F)
 YESTERDAY
  MAXIMUM         82    317 PM  95    1904  68     14       65
  MINIMUM         60    538 AM  31    1956  50     10       51
  AVERAGE         71                        59     12       58

PRECIPITATION (IN)
  YESTERDAY        0.00          1.17 1952   0.16  -0.16     0.64
  MONTH TO DATE    4.56                      3.58   0.98     5.13
  SINCE MAR 1     11.49                     10.46   1.03    12.81
  SINCE JAN 1     21.44                     15.69   5.75    18.47

DEGREE DAYS
 HEATING
  YESTERDAY        0                         7     -7        7
  MONTH TO DATE   60                       240   -180      273
  SINCE MAR 1   1799                      1691    108     1521
  SINCE JUL 1   6234                      6574   -340     5441

 COOLING
  YESTERDAY        6                         1      5        0
  MONTH TO DATE   43                        12     31       26
  SINCE MAR 1     55                        17     38       29
  SINCE JAN 1     55                        17     38       29
..................................................................


WIND (MPH)
  HIGHEST WIND SPEED    17   HIGHEST WIND DIRECTION     W (290)
  HIGHEST GUST SPEED    22   HIGHEST GUST DIRECTION     W (260)
  AVERAGE WIND SPEED     7.2


SKY COVER
  POSSIBLE SUNSHINE  MM
  AVERAGE SKY COVER 0.1


WEATHER CONDITIONS
 THE FOLLOWING WEATHER WAS RECORDED YESTERDAY.
  NO SIGNIFICANT WEATHER WAS OBSERVED.


RELATIVE HUMIDITY (PERCENT)
 HIGHEST    70          1100 PM
 LOWEST     45           100 PM
 AVERAGE    58

..........................................................


THE JOHNSTOWN CLIMATE NORMALS FOR TODAY
                         NORMAL    RECORD    YEAR
 MAXIMUM TEMPERATURE (F)   68        94      1914
 MINIMUM TEMPERATURE (F)   50        33      1917


SUNRISE AND SUNSET
MAY 26 2018...........SUNRISE   551 AM EDT   SUNSET   834 PM EDT
MAY 27 2018...........SUNRISE   550 AM EDT   SUNSET   835 PM EDT


-  INDICATES NEGATIVE NUMBERS.
R  INDICATES RECORD WAS SET OR TIED.
MM INDICATES DATA IS MISSING.
T  INDICATES TRACE AMOUNT.




$$
