000
CDUS44 KLUB 240627
CLILBB


CLIMATE REPORT
NATIONAL WEATHER SERVICE LUBBOCK, TX
126 AM CDT TUE APR 24 2018


...................................

...THE LUBBOCK CLIMATE SUMMARY FOR APRIL 23 2018...

CLIMATE NORMAL PERIOD 1981 TO 2010
CLIMATE RECORD PERIOD 1911 TO 2018


WEATHER ITEM   OBSERVED TIME   RECORD YEAR NORMAL DEPARTURE LAST
                VALUE   (LST)  VALUE       VALUE  FROM      YEAR
                                                  NORMAL
..................................................................
TEMPERATURE (F)
 YESTERDAY
  MAXIMUM         78    513 PM  97    1989  78      0       71
  MINIMUM         40    628 AM  30    1928  48     -8       39
  AVERAGE         59                        63     -4       55

PRECIPITATION (IN)
  YESTERDAY        0.00          0.78 1994   0.05  -0.05     0.00
                                      1913
  MONTH TO DATE    T                         1.01  -1.01     0.81
  SINCE MAR 1      0.87                      2.11  -1.24     1.48
  SINCE JAN 1      1.07                      3.51  -2.44     4.40

SNOWFALL (IN)
  YESTERDAY        0.0           0.0  2002   0.0    0.0      0.0
  MONTH TO DATE    0.0                       0.2   -0.2      0.0
  SINCE MAR 1      0.0                       0.8   -0.8      0.0
  SINCE JUL 1      0.3                       8.2   -7.9      0.2
  SNOW DEPTH       0

DEGREE DAYS
 HEATING
  YESTERDAY        6                         4      2       10
  MONTH TO DATE  186                       157     29      100
  SINCE MAR 1    471                       572   -101      320
  SINCE JUL 1   2992                      3311   -319     2404

 COOLING
  YESTERDAY        0                         2     -2        0
  MONTH TO DATE   35                        31      4       59
  SINCE MAR 1     62                        38     24      105
  SINCE JAN 1     65                        38     27      109
..................................................................


WIND (MPH)
  RESULTANT WIND SPEED   4   RESULTANT WIND DIRECTION  SE (130)
  HIGHEST WIND SPEED    15   HIGHEST WIND DIRECTION    SE (130)
  HIGHEST GUST SPEED    19   HIGHEST GUST DIRECTION    SW (210)
  AVERAGE WIND SPEED     8.7


SKY COVER
  AVERAGE SKY COVER 0.1


WEATHER CONDITIONS
 THE FOLLOWING WEATHER WAS RECORDED YESTERDAY.
  NO SIGNIFICANT WEATHER WAS OBSERVED.


RELATIVE HUMIDITY (PERCENT)
 HIGHEST    79           600 AM
 LOWEST     21           500 PM
 AVERAGE    50

..........................................................


THE LUBBOCK CLIMATE NORMALS FOR TODAY
                         NORMAL    RECORD    YEAR
 MAXIMUM TEMPERATURE (F)   78        95      1996
                                             1943
 MINIMUM TEMPERATURE (F)   49        25      2013


SUNRISE AND SUNSET
APRIL 24 2018.........SUNRISE   706 AM CDT   SUNSET   825 PM CDT
APRIL 25 2018.........SUNRISE   705 AM CDT   SUNSET   826 PM CDT


-  INDICATES NEGATIVE NUMBERS.
R  INDICATES RECORD WAS SET OR TIED.
MM INDICATES DATA IS MISSING.
T  INDICATES TRACE AMOUNT.




$$
