000
CDUS43 KLMK 210627
CLILEX


CLIMATE REPORT
NATIONAL WEATHER SERVICE LOUISVILLE KY
226 AM EDT SAT APR 21 2018


...................................

...THE LEXINGTON KY CLIMATE SUMMARY FOR APRIL 20 2018...

CLIMATE NORMAL PERIOD 1981 TO 2010
CLIMATE RECORD PERIOD 1872 TO 2018


WEATHER ITEM   OBSERVED TIME   RECORD YEAR NORMAL DEPARTURE LAST
                VALUE   (LST)  VALUE       VALUE  FROM      YEAR
                                                  NORMAL
..................................................................
TEMPERATURE (F)
 YESTERDAY
  MAXIMUM         61    511 PM  85    1957  67     -6       83
                                      1915
                                      1896
  MINIMUM         34    628 AM  25    1983  46    -12       63
  AVERAGE         48                        57     -9       73

PRECIPITATION (IN)
  YESTERDAY        0.00          1.83 1920   0.13  -0.13      T
  MONTH TO DATE    2.94                      2.28   0.66     1.28
  SINCE MAR 1      8.26                      6.35   1.91     4.56
  SINCE JAN 1     20.48                     12.75   7.73    12.66

SNOWFALL (IN)
  YESTERDAY        0.0           0.1  1953   0.0    0.0      0.0
  MONTH TO DATE    1.4                       0.3    1.1      0.0
  SINCE MAR 1     13.6                       1.7   11.9       T
  SINCE JUL 1     21.2                      13.0    8.2      3.4
  SNOW DEPTH       0

DEGREE DAYS
 HEATING
  YESTERDAY       17                         9      8        0
  MONTH TO DATE  331                       236     95       89
  SINCE MAR 1   1006                       841    165      619
  SINCE JUL 1   4318                      4412    -94     3329

 COOLING
  YESTERDAY        0                         1     -1        8
  MONTH TO DATE    8                        11     -3       40
  SINCE MAR 1      8                        13     -5       45
  SINCE JAN 1     15                        13      2       49
..................................................................


WIND (MPH)
  HIGHEST WIND SPEED    15   HIGHEST WIND DIRECTION    NE (40)
  HIGHEST GUST SPEED    23   HIGHEST GUST DIRECTION     N (20)
  AVERAGE WIND SPEED     8.2


SKY COVER
  POSSIBLE SUNSHINE  MM
  AVERAGE SKY COVER 0.0


WEATHER CONDITIONS
 THE FOLLOWING WEATHER WAS RECORDED YESTERDAY.
  NO SIGNIFICANT WEATHER WAS OBSERVED.


RELATIVE HUMIDITY (PERCENT)
 HIGHEST    70           500 AM
 LOWEST     26           600 PM
 AVERAGE    48

..........................................................


THE LEXINGTON KY CLIMATE NORMALS FOR TODAY
                         NORMAL    RECORD    YEAR
 MAXIMUM TEMPERATURE (F)   68        86      1963
 MINIMUM TEMPERATURE (F)   46        26      1875


SUNRISE AND SUNSET
APRIL 21 2018.........SUNRISE   655 AM EDT   SUNSET   820 PM EDT
APRIL 22 2018.........SUNRISE   653 AM EDT   SUNSET   821 PM EDT


-  INDICATES NEGATIVE NUMBERS.
R  INDICATES RECORD WAS SET OR TIED.
MM INDICATES DATA IS MISSING.
T  INDICATES TRACE AMOUNT.




$$
