000
CDUS44 KSHV 250734
CLILFK


CLIMATE REPORT
NATIONAL WEATHER SERVICE SHREVEPORT, LA
233 AM CDT FRI MAY 25 2018


...................................

...THE LUFKIN CLIMATE SUMMARY FOR MAY 24 2018...

CLIMATE NORMAL PERIOD 1981 TO 2010
CLIMATE RECORD PERIOD 1906 TO 2018


WEATHER ITEM   OBSERVED TIME   RECORD YEAR NORMAL DEPARTURE LAST
                VALUE   (LST)  VALUE       VALUE  FROM      YEAR
                                                  NORMAL
..................................................................
TEMPERATURE (F)
 YESTERDAY
  MAXIMUM         90    357 PM  95    1937  87      3       76
  MINIMUM         66    523 AM  50    1910  66      0       54
  AVERAGE         78                        76      2       65

PRECIPITATION (IN)
  YESTERDAY        0.00          1.60 1919   0.16  -0.16     0.00
  MONTH TO DATE    1.09                      3.49  -2.40     5.59
  SINCE DEC 1     24.38                     22.81   1.57    26.16
  SINCE JAN 1     20.77                     18.37   2.40    21.25

SNOWFALL (IN)
  YESTERDAY        0.0
  MONTH TO DATE    0.0
  SINCE MAR 1      0.0
  SINCE JUL 1      1.1
  SNOW DEPTH       0

DEGREE DAYS
 HEATING
  YESTERDAY        0                         0      0        0
  MONTH TO DATE    0                         1     -1        6
  SINCE MAR 1    232                       280    -48      169
  SINCE JUL 1   1852                      1914    -62     1145

 COOLING
  YESTERDAY       13                        11      2        0
  MONTH TO DATE  290                       207     83      142
  SINCE MAR 1    439                       364     75      360
  SINCE JAN 1    482                       383     99      442
..................................................................


WIND (MPH)
  HIGHEST WIND SPEED    13   HIGHEST WIND DIRECTION    SE (140)
  HIGHEST GUST SPEED    15   HIGHEST GUST DIRECTION    SE (120)
  AVERAGE WIND SPEED     2.9


SKY COVER
  POSSIBLE SUNSHINE  MM
  AVERAGE SKY COVER 0.1


WEATHER CONDITIONS
 THE FOLLOWING WEATHER WAS RECORDED YESTERDAY.
  NO SIGNIFICANT WEATHER WAS OBSERVED.


RELATIVE HUMIDITY (PERCENT)
 HIGHEST   100           500 AM
 LOWEST     47           400 PM
 AVERAGE    74

..........................................................


THE LUFKIN CLIMATE NORMALS FOR TODAY
                         NORMAL    RECORD    YEAR
 MAXIMUM TEMPERATURE (F)   87        95      1996
 MINIMUM TEMPERATURE (F)   66        53      2017
                                             1910


SUNRISE AND SUNSET
MAY 25 2018...........SUNRISE   618 AM CDT   SUNSET   814 PM CDT
MAY 26 2018...........SUNRISE   617 AM CDT   SUNSET   815 PM CDT


-  INDICATES NEGATIVE NUMBERS.
R  INDICATES RECORD WAS SET OR TIED.
MM INDICATES DATA IS MISSING.
T  INDICATES TRACE AMOUNT.




$$
