000
CDUS44 KLZK 270647
CLILIT


CLIMATE REPORT
NATIONAL WEATHER SERVICE LITTLE ROCK AR
146 AM CDT SUN MAY 27 2018


...................................

...THE LITTLE ROCK ADAMS FIELD CLIMATE SUMMARY FOR MAY 26 2018...

CLIMATE NORMAL PERIOD 1981 TO 2010
CLIMATE RECORD PERIOD 1874 TO 2018


WEATHER ITEM   OBSERVED TIME   RECORD YEAR NORMAL DEPARTURE LAST
                VALUE   (LST)  VALUE       VALUE  FROM      YEAR
                                                  NORMAL
..................................................................
TEMPERATURE (F)
 YESTERDAY
  MAXIMUM         86    328 PM  98    1964  84      2       82
  MINIMUM         67    529 AM  48    1901  64      3       65
  AVERAGE         77                        74      3       74

PRECIPITATION (IN)
  YESTERDAY        0.00          7.68 1955   0.14  -0.14      T
  MONTH TO DATE    2.46                      4.19  -1.73     4.59
  SINCE MAR 1     12.28                     14.01  -1.73    18.59
  SINCE JAN 1     28.54                     21.22   7.32    23.59

SNOWFALL (IN)
  YESTERDAY        0.0          MM      MM   0.0    0.0      0.0
  MONTH TO DATE    0.0                       0.0    0.0      0.0
  SINCE MAR 1      T                         0.4   -0.4      0.0
  SINCE JUL 1      1.7                       3.5   -1.8      0.2
  SNOW DEPTH       0

DEGREE DAYS
 HEATING
  YESTERDAY        0                         0      0        0
  MONTH TO DATE    0                        18    -18       26
  SINCE MAR 1    553                       537     16      380
  SINCE JUL 1   3078                      3050     28     2294

 COOLING
  YESTERDAY       12                         9      3        9
  MONTH TO DATE  286                       159    127      106
  SINCE MAR 1    313                       229     84      201
  SINCE JAN 1    322                       231     91      213
..................................................................


WIND (MPH)
  HIGHEST WIND SPEED    10   HIGHEST WIND DIRECTION     E (90)
  HIGHEST GUST SPEED    14   HIGHEST GUST DIRECTION     E (100)
  AVERAGE WIND SPEED     4.1


SKY COVER
  POSSIBLE SUNSHINE  MM
  AVERAGE SKY COVER 0.7


WEATHER CONDITIONS
 THE FOLLOWING WEATHER WAS RECORDED YESTERDAY.
  FOG
  FOG W/VISIBILITY <= 1/4 MILE


RELATIVE HUMIDITY (PERCENT)
 HIGHEST   100           200 AM
 LOWEST     59           300 PM
 AVERAGE    80

..........................................................


THE LITTLE ROCK ADAMS FIELD CLIMATE NORMALS FOR TODAY
                         NORMAL    RECORD    YEAR
 MAXIMUM TEMPERATURE (F)   84        96      1964
 MINIMUM TEMPERATURE (F)   65        44      1961


SUNRISE AND SUNSET
MAY 27 2018...........SUNRISE   559 AM CDT   SUNSET   814 PM CDT
MAY 28 2018...........SUNRISE   558 AM CDT   SUNSET   814 PM CDT


-  INDICATES NEGATIVE NUMBERS.
R  INDICATES RECORD WAS SET OR TIED.
MM INDICATES DATA IS MISSING.
T  INDICATES TRACE AMOUNT.




$$
