000
CDUS45 KPIH 252328
CLILLJ


CLIMATE REPORT
NATIONAL WEATHER SERVICE POCATELLO ID
523 PM MDT FRI MAY 25 2018


...................................

...THE CHALLIS ID CLIMATE SUMMARY FOR MAY 25 2018...
VALID TODAY AS OF 0500 PM LOCAL TIME.

CLIMATE NORMAL PERIOD 1981 TO 2010
CLIMATE RECORD PERIOD 1898 TO 2018


WEATHER ITEM   OBSERVED TIME   RECORD YEAR NORMAL DEPARTURE LAST
                VALUE   (LST)  VALUE       VALUE  FROM      YEAR
                                                  NORMAL
..................................................................
TEMPERATURE (F)
 TODAY
  MAXIMUM         81    352 PM  89    1993  69     12       62
                                      1966
  MINIMUM         47    545 AM  26    1953  41      6       32
  AVERAGE         64                        55      9       47

PRECIPITATION (IN)
  TODAY            0.06          0.80 1899   0.06   0.00     0.03
  MONTH TO DATE    0.81                      1.14  -0.33     1.17
  SINCE OCT 1      3.73                      5.73  -2.00     7.83
  SINCE JAN 1      2.59                      3.80  -1.21     4.42

SNOWFALL (IN)
  TODAY           MM
  MONTH TO DATE   MM
  SINCE MAR 1     MM
  SINCE JUL 1     MM
  SNOW DEPTH      MM

DEGREE DAYS
 HEATING
  TODAY            1                        11    -10       18
  MONTH TO DATE  177                       347   -170      317
  SINCE MAR 1   1638                      1889   -251     1749
  SINCE JUL 1   6912                      7938  -1026     8194

 COOLING
  TODAY            0                         0      0        0
  MONTH TO DATE    0                         0      0        0
  SINCE MAR 1      0                         0      0        0
  SINCE JAN 1      0                         0      0        0
..................................................................


WIND (MPH)
  HIGHEST WIND SPEED    23   HIGHEST WIND DIRECTION     S (170)
  HIGHEST GUST SPEED    29   HIGHEST GUST DIRECTION     S (170)
  AVERAGE WIND SPEED     1.4


SKY COVER
  POSSIBLE SUNSHINE  MM
  AVERAGE SKY COVER 0.0


WEATHER CONDITIONS
 THE FOLLOWING WEATHER WAS RECORDED TODAY.
  THUNDERSTORM
  LIGHT RAIN


RELATIVE HUMIDITY (PERCENT)
 HIGHEST    93           400 AM
 LOWEST     30           400 PM
 AVERAGE    62

..........................................................


THE CHALLIS ID CLIMATE NORMALS FOR TOMORROW
                         NORMAL    RECORD    YEAR
 MAXIMUM TEMPERATURE (F)   69        90      1966
 MINIMUM TEMPERATURE (F)   41        26      1920


SUNRISE AND SUNSET
MAY 25 2018...........SUNRISE   600 AM MDT   SUNSET   908 PM MDT
MAY 26 2018...........SUNRISE   559 AM MDT   SUNSET   909 PM MDT


-  INDICATES NEGATIVE NUMBERS.
R  INDICATES RECORD WAS SET OR TIED.
MM INDICATES DATA IS MISSING.
T  INDICATES TRACE AMOUNT.




$$
