000
CDUS46 KMFR 270036
CLILMT


CLIMATE REPORT
NATIONAL WEATHER SERVICE MEDFORD, OR
536 PM PDT THU APR 26 2018


...................................

...THE KLAMATH FALLS OR CLIMATE SUMMARY FOR APRIL 26 2018...
VALID TODAY AS OF 0500 PM LOCAL TIME.

CLIMATE NORMAL PERIOD 1981 TO 2010
CLIMATE RECORD PERIOD 1928 TO 2018


WEATHER ITEM   OBSERVED TIME   RECORD YEAR NORMAL DEPARTURE LAST
                VALUE   (LST)  VALUE       VALUE  FROM      YEAR
                                                  NORMAL
..................................................................
TEMPERATURE (F)
 TODAY
  MAXIMUM         82        MM  83    1987  60     22       53
  MINIMUM         36    400 AM  18    2016  32      4       36
  AVERAGE         59                        46     13       45

PRECIPITATION (IN)
  TODAY            0.00          0.60 1932   0.07  -0.07     0.20
  MONTH TO DATE    1.24                      1.13   0.11     0.84
  SINCE OCT 1      5.92                     10.86  -4.94    10.68
  SINCE JAN 1      3.67                      6.17  -2.50     5.93

SNOWFALL (IN)
  TODAY           MM                        MM     MM       MM
  MONTH TO DATE   MM                        MM     MM       MM
  SINCE JUL 1     MM                        MM     MM       MM
  SNOW DEPTH      MM

DEGREE DAYS
 HEATING
  TODAY            6                        19    -13       20
  MONTH TO DATE  527                       583    -56      587
  SINCE MAR 1   1384                      1404    -20     1294
  SINCE JUL 1   5813                      6245   -432     6132

 COOLING
  TODAY            0                         0      0        0
  MONTH TO DATE    0                         0      0        0
  SINCE MAR 1      0                         0      0        0
  SINCE JAN 1      0                         0      0        0
..................................................................


WIND (MPH)
  HIGHEST WIND SPEED    16   HIGHEST WIND DIRECTION    SE (140)
  HIGHEST GUST SPEED    24   HIGHEST GUST DIRECTION    SE (140)
  AVERAGE WIND SPEED     5.6


SKY COVER
  POSSIBLE SUNSHINE  MM
  AVERAGE SKY COVER 0.1


WEATHER CONDITIONS
 THE FOLLOWING WEATHER WAS RECORDED TODAY.
  NO SIGNIFICANT WEATHER WAS OBSERVED.


RELATIVE HUMIDITY (PERCENT)
 HIGHEST    92           400 AM
 LOWEST     18           400 PM

..........................................................


THE KLAMATH FALLS OR CLIMATE NORMALS FOR TOMORROW
                         NORMAL    RECORD    YEAR
 MAXIMUM TEMPERATURE (F)   60        85      1987
 MINIMUM TEMPERATURE (F)   32        19      1955


SUNRISE AND SUNSET
APRIL 26 2018.........SUNRISE   609 AM PDT   SUNSET   801 PM PDT
APRIL 27 2018.........SUNRISE   608 AM PDT   SUNSET   802 PM PDT


-  INDICATES NEGATIVE NUMBERS.
R  INDICATES RECORD WAS SET OR TIED.
MM INDICATES DATA IS MISSING.
T  INDICATES TRACE AMOUNT.




$$
